CRAN Package Check Results for Package lisp

Last updated on 2019-10-19 01:50:16 CEST.

Flavor Version Tinstall Tcheck Ttotal Status Flags
r-devel-linux-x86_64-debian-clang 0.1 1.71 17.00 18.71 NOTE
r-devel-linux-x86_64-debian-gcc 0.1 1.52 13.86 15.38 NOTE
r-devel-linux-x86_64-fedora-clang 0.1 24.16 NOTE
r-devel-linux-x86_64-fedora-gcc 0.1 23.22 NOTE
r-devel-windows-ix86+x86_64 0.1 10.00 31.00 41.00 NOTE
r-patched-linux-x86_64 0.1 1.58 16.69 18.27 NOTE
r-patched-solaris-x86 0.1 36.80 NOTE
r-release-linux-x86_64 0.1 1.53 16.90 18.43 NOTE
r-release-windows-ix86+x86_64 0.1 8.00 30.00 38.00 NOTE
r-release-osx-x86_64 0.1 NOTE
r-oldrel-windows-ix86+x86_64 0.1 3.00 37.00 40.00 NOTE
r-oldrel-osx-x86_64 0.1 NOTE

Check Details

Version: 0.1
Check: top-level files
Result: NOTE
    Non-standard file/directory found at top level:
     'package.R'
Flavors: r-devel-linux-x86_64-debian-clang, r-devel-linux-x86_64-debian-gcc, r-devel-linux-x86_64-fedora-clang, r-devel-linux-x86_64-fedora-gcc, r-patched-linux-x86_64, r-release-linux-x86_64

Version: 0.1
Check: R code for possible problems
Result: NOTE
    last: no visible global function definition for 'tail'
    Undefined global functions or variables:
     tail
    Consider adding
     importFrom("utils", "tail")
    to your NAMESPACE file.
Flavors: r-devel-linux-x86_64-debian-clang, r-devel-linux-x86_64-debian-gcc, r-devel-linux-x86_64-fedora-clang, r-devel-linux-x86_64-fedora-gcc, r-devel-windows-ix86+x86_64, r-patched-linux-x86_64, r-patched-solaris-x86, r-release-linux-x86_64, r-release-windows-ix86+x86_64, r-release-osx-x86_64, r-oldrel-windows-ix86+x86_64, r-oldrel-osx-x86_64