CRAN Package Check Results for Package lmds

Last updated on 2020-03-29 01:48:58 CET.

Flavor Version Tinstall Tcheck Ttotal Status Flags
r-devel-linux-x86_64-debian-clang 0.1.0 OK
r-devel-linux-x86_64-debian-gcc 0.1.0 7.82 61.74 69.56 OK
r-devel-linux-x86_64-fedora-clang 0.1.0 109.83 NOTE
r-devel-linux-x86_64-fedora-gcc 0.1.0 99.30 NOTE
r-devel-windows-ix86+x86_64 0.1.0 20.00 81.00 101.00 OK
r-devel-windows-ix86+x86_64-gcc8 0.1.0 18.00 86.00 104.00 OK
r-patched-linux-x86_64 0.1.0 7.60 79.87 87.47 OK
r-patched-solaris-x86 0.1.0 177.70 NOTE
r-release-linux-x86_64 0.1.0 6.62 73.18 79.80 OK
r-release-windows-ix86+x86_64 0.1.0 26.00 118.00 144.00 OK
r-release-osx-x86_64 0.1.0 NOTE
r-oldrel-windows-ix86+x86_64 0.1.0 15.00 110.00 125.00 OK
r-oldrel-osx-x86_64 0.1.0 NOTE

Check Details

Version: 0.1.0
Check: dependencies in R code
Result: NOTE
    Namespace in Imports field not imported from: ‘Matrix’
     All declared Imports should be used.
Flavors: r-devel-linux-x86_64-fedora-clang, r-devel-linux-x86_64-fedora-gcc, r-patched-solaris-x86, r-release-osx-x86_64, r-oldrel-osx-x86_64