CRAN Package Check Results for Package lmmpar

Last updated on 2020-05-25 01:48:56 CEST.

Flavor Version Tinstall Tcheck Ttotal Status Flags
r-devel-linux-x86_64-debian-clang 0.1.0 2.11 30.78 32.89 OK
r-devel-linux-x86_64-debian-gcc 0.1.0 1.55 23.41 24.96 OK
r-devel-linux-x86_64-fedora-clang 0.1.0 39.15 NOTE
r-devel-linux-x86_64-fedora-gcc 0.1.0 40.04 NOTE
r-devel-windows-ix86+x86_64 0.1.0 10.00 41.00 51.00 OK
r-patched-linux-x86_64 0.1.0 2.13 29.68 31.81 OK
r-patched-solaris-x86 0.1.0 57.90 NOTE
r-release-linux-x86_64 0.1.0 2.17 29.95 32.12 OK
r-release-osx-x86_64 0.1.0 NOTE
r-release-windows-ix86+x86_64 0.1.0 6.00 64.00 70.00 OK
r-oldrel-osx-x86_64 0.1.0 NOTE
r-oldrel-windows-ix86+x86_64 0.1.0 4.00 58.00 62.00 OK

Check Details

Version: 0.1.0
Check: dependencies in R code
Result: NOTE
    Namespace in Imports field not imported from: ‘mnormt’
     All declared Imports should be used.
Flavors: r-devel-linux-x86_64-fedora-clang, r-devel-linux-x86_64-fedora-gcc, r-patched-solaris-x86, r-release-osx-x86_64, r-oldrel-osx-x86_64