CRAN Package Check Results for Package lmmpar

Last updated on 2019-10-18 01:46:29 CEST.

Flavor Version Tinstall Tcheck Ttotal Status Flags
r-devel-linux-x86_64-debian-clang 0.1.0 1.93 26.48 28.41 OK
r-devel-linux-x86_64-debian-gcc 0.1.0 1.52 21.00 22.52 OK
r-devel-linux-x86_64-fedora-clang 0.1.0 35.09 NOTE
r-devel-linux-x86_64-fedora-gcc 0.1.0 33.58 NOTE
r-devel-windows-ix86+x86_64 0.1.0 8.00 42.00 50.00 OK
r-patched-linux-x86_64 0.1.0 1.62 25.69 27.31 OK
r-patched-solaris-x86 0.1.0 50.10 NOTE
r-release-linux-x86_64 0.1.0 1.61 26.08 27.69 OK
r-release-windows-ix86+x86_64 0.1.0 4.00 62.00 66.00 OK
r-release-osx-x86_64 0.1.0 NOTE
r-oldrel-windows-ix86+x86_64 0.1.0 2.00 56.00 58.00 OK
r-oldrel-osx-x86_64 0.1.0 NOTE

Check Details

Version: 0.1.0
Check: dependencies in R code
Result: NOTE
    Namespace in Imports field not imported from: ‘mnormt’
     All declared Imports should be used.
Flavors: r-devel-linux-x86_64-fedora-clang, r-devel-linux-x86_64-fedora-gcc, r-patched-solaris-x86, r-release-osx-x86_64, r-oldrel-osx-x86_64