CRAN Package Check Results for Package lmviz

Last updated on 2019-10-16 05:47:05 CEST.

Flavor Version Tinstall Tcheck Ttotal Status Flags
r-devel-linux-x86_64-debian-clang 0.1.2 6.23 56.38 62.61 OK
r-devel-linux-x86_64-debian-gcc 0.1.2 6.41 45.94 52.35 OK
r-devel-linux-x86_64-fedora-clang 0.1.2 80.58 NOTE
r-devel-linux-x86_64-fedora-gcc 0.1.2 77.33 NOTE
r-devel-windows-ix86+x86_64 0.1.2 13.00 99.00 112.00 OK
r-patched-linux-x86_64 0.1.2 6.06 55.59 61.65 OK
r-patched-solaris-x86 0.1.2 119.70 NOTE
r-release-linux-x86_64 0.1.2 6.79 55.36 62.15 OK
r-release-windows-ix86+x86_64 0.1.2 12.00 71.00 83.00 OK
r-release-osx-x86_64 0.1.2 NOTE
r-oldrel-windows-ix86+x86_64 0.1.2 8.00 68.00 76.00 OK
r-oldrel-osx-x86_64 0.1.2 NOTE

Check Details

Version: 0.1.2
Check: dependencies in R code
Result: NOTE
    Namespace in Imports field not imported from: ‘shinyjs’
     All declared Imports should be used.
Flavors: r-devel-linux-x86_64-fedora-clang, r-devel-linux-x86_64-fedora-gcc, r-patched-solaris-x86, r-release-osx-x86_64, r-oldrel-osx-x86_64