CRAN Package Check Results for Package lslx

Last updated on 2019-10-14 01:46:27 CEST.

Flavor Version Tinstall Tcheck Ttotal Status Flags
r-devel-linux-x86_64-debian-clang 0.6.8 163.96 117.90 281.86 OK
r-devel-linux-x86_64-debian-gcc 0.6.8 152.04 99.02 251.06 OK
r-devel-linux-x86_64-fedora-clang 0.6.8 392.93 NOTE
r-devel-linux-x86_64-fedora-gcc 0.6.8 410.38 NOTE
r-devel-windows-ix86+x86_64 0.6.8 257.00 214.00 471.00 NOTE
r-patched-linux-x86_64 0.6.8 166.69 122.38 289.07 OK
r-patched-solaris-x86 0.6.8 366.10 NOTE
r-release-linux-x86_64 0.6.8 165.66 122.78 288.44 OK
r-release-windows-ix86+x86_64 0.6.8 344.00 150.00 494.00 NOTE
r-release-osx-x86_64 0.6.8 NOTE
r-oldrel-windows-ix86+x86_64 0.6.8 241.00 137.00 378.00 NOTE
r-oldrel-osx-x86_64 0.6.8 NOTE

Check Details

Version: 0.6.8
Check: installed package size
Result: NOTE
     installed size is 57.0Mb
     sub-directories of 1Mb or more:
     doc 2.0Mb
     libs 54.5Mb
Flavors: r-devel-linux-x86_64-fedora-clang, r-devel-windows-ix86+x86_64, r-release-windows-ix86+x86_64, r-release-osx-x86_64, r-oldrel-windows-ix86+x86_64, r-oldrel-osx-x86_64

Version: 0.6.8
Check: dependencies in R code
Result: NOTE
    Namespace in Imports field not imported from: ‘lavaan’
     All declared Imports should be used.
Flavors: r-devel-linux-x86_64-fedora-clang, r-devel-linux-x86_64-fedora-gcc, r-patched-solaris-x86, r-release-osx-x86_64, r-oldrel-osx-x86_64