CRAN Package Check Results for Package lslx

Last updated on 2020-05-27 01:48:37 CEST.

Flavor Version Tinstall Tcheck Ttotal Status Flags
r-devel-linux-x86_64-debian-clang 0.6.10 170.09 80.09 250.18 OK
r-devel-linux-x86_64-debian-gcc 0.6.10 148.08 65.71 213.79 OK
r-devel-linux-x86_64-fedora-clang 0.6.10 339.59 NOTE
r-devel-linux-x86_64-fedora-gcc 0.6.10 351.29 NOTE
r-devel-windows-ix86+x86_64 0.6.10 365.00 131.00 496.00 NOTE
r-patched-linux-x86_64 0.6.10 163.15 83.01 246.16 OK
r-patched-solaris-x86 0.6.10 304.20 NOTE
r-release-linux-x86_64 0.6.10 158.72 82.15 240.87 OK
r-release-osx-x86_64 0.6.10 NOTE
r-release-windows-ix86+x86_64 0.6.10 309.00 173.00 482.00 NOTE
r-oldrel-osx-x86_64 0.6.10 NOTE
r-oldrel-windows-ix86+x86_64 0.6.10 269.00 119.00 388.00 OK

Check Details

Version: 0.6.10
Check: installed package size
Result: NOTE
     installed size is 51.6Mb
     sub-directories of 1Mb or more:
     doc 1.6Mb
     libs 49.4Mb
Flavors: r-devel-linux-x86_64-fedora-clang, r-devel-windows-ix86+x86_64, r-release-osx-x86_64, r-release-windows-ix86+x86_64, r-oldrel-osx-x86_64

Version: 0.6.10
Check: dependencies in R code
Result: NOTE
    Namespace in Imports field not imported from: ‘lavaan’
     All declared Imports should be used.
Flavors: r-devel-linux-x86_64-fedora-clang, r-devel-linux-x86_64-fedora-gcc, r-patched-solaris-x86, r-release-osx-x86_64, r-oldrel-osx-x86_64