CRAN Package Check Results for Package lvm4net

Last updated on 2019-10-23 03:48:31 CEST.

Flavor Version Tinstall Tcheck Ttotal Status Flags
r-devel-linux-x86_64-debian-clang 0.3 11.71 690.54 702.25 WARN
r-devel-linux-x86_64-debian-gcc 0.3 10.15 563.63 573.78 OK
r-devel-linux-x86_64-fedora-clang 0.3 938.61 OK
r-devel-linux-x86_64-fedora-gcc 0.3 921.39 OK
r-devel-windows-ix86+x86_64 0.3 21.00 1026.00 1047.00 OK
r-patched-linux-x86_64 0.3 10.83 687.36 698.19 WARN
r-patched-solaris-x86 0.3 1268.60 OK
r-release-linux-x86_64 0.3 9.88 686.89 696.77 WARN
r-release-windows-ix86+x86_64 0.3 35.00 832.00 867.00 OK
r-release-osx-x86_64 0.3 OK
r-oldrel-windows-ix86+x86_64 0.3 19.00 1088.00 1107.00 OK
r-oldrel-osx-x86_64 0.3 OK

Check Details

Version: 0.3
Check: re-building of vignette outputs
Result: WARN
    Error(s) in re-building vignettes:
     ...
    --- re-building 'MLTA_Gollini_2019.Rmd' using rmarkdown
    Loading required package: MASS
    Loading required package: ergm
    Loading required package: network
    network: Classes for Relational Data
    Version 1.15 created on 2019-04-01.
    copyright (c) 2005, Carter T. Butts, University of California-Irvine
     Mark S. Handcock, University of California -- Los Angeles
     David R. Hunter, Penn State University
     Martina Morris, University of Washington
     Skye Bender-deMoll, University of Washington
     For citation information, type citation("network").
     Type help("network-package") to get started.
    
    
    ergm: version 3.10.4, created on 2019-06-10
    Copyright (c) 2019, Mark S. Handcock, University of California -- Los Angeles
     David R. Hunter, Penn State University
     Carter T. Butts, University of California -- Irvine
     Steven M. Goodreau, University of Washington
     Pavel N. Krivitsky, University of Wollongong
     Martina Morris, University of Washington
     with contributions from
     Li Wang
     Kirk Li, University of Washington
     Skye Bender-deMoll, University of Washington
     Chad Klumb
    Based on "statnet" project software (statnet.org).
    For license and citation information see statnet.org/attribution
    or type citation("ergm").
    
    NOTE: Versions before 3.6.1 had a bug in the implementation of the
    bd() constriant which distorted the sampled distribution somewhat.
    In addition, Sampson's Monks datasets had mislabeled vertices. See
    the NEWS and the documentation for more details.
    
    NOTE: Some common term arguments pertaining to vertex attribute
    and level selection have changed in 3.10.0. See terms help for
    more details. Use 'options(ergm.term=list(version="3.9.4"))' to
    use old behavior.
    
    Killed
Flavors: r-devel-linux-x86_64-debian-clang, r-patched-linux-x86_64, r-release-linux-x86_64