CRAN Package Check Results for Package magick

Last updated on 2020-06-01 01:51:01 CEST.

Flavor Version Tinstall Tcheck Ttotal Status Flags
r-devel-linux-x86_64-debian-clang 2.3 151.28 213.52 364.80 OK
r-devel-linux-x86_64-debian-gcc 2.3 108.57 46.85 155.42 ERROR
r-devel-linux-x86_64-fedora-clang 2.3 526.16 NOTE
r-devel-linux-x86_64-fedora-gcc 2.3 420.45 OK
r-devel-windows-ix86+x86_64 2.3 394.00 355.00 749.00 NOTE
r-patched-linux-x86_64 2.3 112.51 145.17 257.68 OK
r-patched-solaris-x86 2.3 253.80 WARN
r-release-linux-x86_64 2.3 112.19 143.93 256.12 OK
r-release-osx-x86_64 2.3 NOTE
r-release-windows-ix86+x86_64 2.3 305.00 402.00 707.00 NOTE
r-oldrel-osx-x86_64 2.3 NOTE
r-oldrel-windows-ix86+x86_64 2.3 380.00 339.00 719.00 NOTE

Check Details

Version: 2.3
Check: examples
Result: ERROR
    Running examples in ‘magick-Ex.R’ failed
    The error most likely occurred in:
    
    > base::assign(".ptime", proc.time(), pos = "CheckExEnv")
    > ### Name: animation
    > ### Title: Image Frames and Animation
    > ### Aliases: animation image_animate image_coalesce image_morph
    > ### image_mosaic image_montage image_flatten image_average image_append
    > ### image_apply
    >
    > ### ** Examples
    >
    > # Combine images
    > logo <- image_read("https://jeroen.github.io/images/Rlogo.png")
    > oldlogo <- image_read("https://developer.r-project.org/Logo/Rlogo-3.png")
    Error in curl::curl_fetch_memory(url) :
     server certificate verification failed. CAfile: none CRLfile: none
    Calls: image_read ... vapply -> FUN -> paste0 -> download_url -> <Anonymous>
    Execution halted
Flavor: r-devel-linux-x86_64-debian-gcc

Version: 2.3
Check: re-building of vignette outputs
Result: WARN
    Error(s) in re-building vignettes:
     ...
    --- re-building ‘intro.Rmd’ using rmarkdown
    Using poppler version 0.71.0
    Quitting from lines 368-374 (intro.Rmd)
    Error: processing vignette 'intro.Rmd' failed with diagnostics:
    server certificate verification failed. CAfile: none CRLfile: none
    --- failed re-building ‘intro.Rmd’
    
    SUMMARY: processing the following file failed:
     ‘intro.Rmd’
    
    Error: Vignette re-building failed.
    Execution halted
Flavor: r-devel-linux-x86_64-debian-gcc

Version: 2.3
Check: installed package size
Result: NOTE
     installed size is 14.5Mb
     sub-directories of 1Mb or more:
     doc 6.7Mb
     libs 7.5Mb
Flavors: r-devel-linux-x86_64-fedora-clang, r-devel-windows-ix86+x86_64, r-patched-solaris-x86, r-release-osx-x86_64, r-release-windows-ix86+x86_64, r-oldrel-osx-x86_64, r-oldrel-windows-ix86+x86_64

Version: 2.3
Check: package dependencies
Result: NOTE
    Packages suggested but not available for checking:
     'av', 'rsvg', 'tesseract', 'gifski'
Flavor: r-patched-solaris-x86

Version: 2.3
Check: Rd cross-references
Result: NOTE
    Packages unavailable to check Rd xrefs: ‘rsvg’, ‘tesseract’, ‘gifski’, ‘av’
Flavor: r-patched-solaris-x86

Version: 2.3
Check: re-building of vignette outputs
Result: WARN
    Error(s) in re-building vignettes:
     ...
    --- re-building ‘intro.Rmd’ using rmarkdown
    Warning in engine$weave(file, quiet = quiet, encoding = enc) :
     Pandoc (>= 1.12.3) and/or pandoc-citeproc not available. Falling back to R Markdown v1.
    Warning in library(package, lib.loc = lib.loc, character.only = TRUE, logical.return = TRUE, :
     there is no package called 'rsvg'
    Warning in library(package, lib.loc = lib.loc, character.only = TRUE, logical.return = TRUE, :
     there is no package called 'rsvg'
    Quitting from lines 144-146 (intro.Rmd)
    Error: processing vignette 'intro.Rmd' failed with diagnostics:
    Timeout was reached: [jeroen.github.io] Resolving timed out after 10000 milliseconds
    --- failed re-building ‘intro.Rmd’
    
    SUMMARY: processing the following file failed:
     ‘intro.Rmd’
    
    Error: Vignette re-building failed.
    Execution halted
Flavor: r-patched-solaris-x86