CRAN Package Check Results for Package mapi

Last updated on 2019-10-22 01:49:30 CEST.

Flavor Version Tinstall Tcheck Ttotal Status Flags
r-devel-linux-x86_64-debian-clang 1.0.0-62 19.77 37.14 56.91 OK
r-devel-linux-x86_64-debian-gcc 1.0.0-62 12.99 29.58 42.57 OK
r-devel-linux-x86_64-fedora-clang 1.0.0-62 74.13 NOTE
r-devel-linux-x86_64-fedora-gcc 1.0.0-62 71.79 NOTE
r-devel-windows-ix86+x86_64 1.0.0-62 33.00 93.00 126.00 OK
r-patched-linux-x86_64 1.0.0-62 16.70 36.63 53.33 OK
r-patched-solaris-x86 1.0.0-62 88.40 NOTE
r-release-linux-x86_64 1.0.0-62 14.32 35.94 50.26 OK
r-release-windows-ix86+x86_64 1.0.0-62 45.00 70.00 115.00 OK
r-release-osx-x86_64 1.0.0-62 NOTE
r-oldrel-windows-ix86+x86_64 1.0.0-62 30.00 65.00 95.00 OK
r-oldrel-osx-x86_64 1.0.0-62 NOTE

Check Details

Version: 1.0.0-62
Check: dependencies in R code
Result: NOTE
    Namespace in Imports field not imported from: ‘parallel’
     All declared Imports should be used.
Flavors: r-devel-linux-x86_64-fedora-clang, r-devel-linux-x86_64-fedora-gcc, r-patched-solaris-x86, r-release-osx-x86_64, r-oldrel-osx-x86_64