CRAN Package Check Results for Package mcPAFit

Last updated on 2019-10-14 01:46:27 CEST.

Flavor Version Tinstall Tcheck Ttotal Status Flags
r-devel-linux-x86_64-debian-clang 0.1.4 20.46 48.22 68.68 NOTE
r-devel-linux-x86_64-debian-gcc 0.1.4 14.00 39.53 53.53 NOTE
r-devel-linux-x86_64-fedora-clang 0.1.4 88.02 NOTE
r-devel-linux-x86_64-fedora-gcc 0.1.4 87.37 NOTE
r-devel-windows-ix86+x86_64 0.1.4 50.00 155.00 205.00 OK
r-patched-linux-x86_64 0.1.4 15.61 47.07 62.68 NOTE
r-patched-solaris-x86 0.1.4 110.20 OK
r-release-linux-x86_64 0.1.4 15.18 46.14 61.32 NOTE
r-release-windows-ix86+x86_64 0.1.4 61.00 90.00 151.00 OK
r-release-osx-x86_64 0.1.4 FAIL
r-oldrel-windows-ix86+x86_64 0.1.4 37.00 87.00 124.00 OK
r-oldrel-osx-x86_64 0.1.4 OK

Check Details

Version: 0.1.4
Check: use of SHLIB_OPENMP_*FLAGS in Makefiles
Result: NOTE
     src/Makevars: incorrect macro SHLIB_OPENMP_CFLAGS included in PKG_CXXFLAGS
     src/Makevars: SHLIB_OPENMP_CFLAGS is included in PKG_LIBS but linking is by C++
     src/Makevars.win: incorrect macro SHLIB_OPENMP_CFLAGS included in PKG_CXXFLAGS
     src/Makevars.win: SHLIB_OPENMP_CFLAGS is included in PKG_LIBS but linking is by C++
    Use of these macros is discussed in sect 1.2.1.1 of 'Writing R
    Extensions'. The macros for different languages may differ so the
    matching macro must be used in PKG_CXXFLAGS (etc) and match that used
    in PKG_LIBS (except for Fortran: see the manual).
Flavors: r-devel-linux-x86_64-debian-clang, r-devel-linux-x86_64-debian-gcc, r-devel-linux-x86_64-fedora-clang, r-devel-linux-x86_64-fedora-gcc, r-patched-linux-x86_64, r-release-linux-x86_64

Version: 0.1.4
Check: whether package can be installed
Result: FAIL
    
Flavor: r-release-osx-x86_64