CRAN Package Check Results for Package mcglm

Last updated on 2019-10-16 05:47:06 CEST.

Flavor Version Tinstall Tcheck Ttotal Status Flags
r-devel-linux-x86_64-debian-clang 0.5.0 65.73 111.80 177.53 OK
r-devel-linux-x86_64-debian-gcc 0.5.0 50.82 85.61 136.43 OK
r-devel-linux-x86_64-fedora-clang 0.5.0 223.96 NOTE
r-devel-linux-x86_64-fedora-gcc 0.5.0 221.38 OK
r-devel-windows-ix86+x86_64 0.5.0 115.00 216.00 331.00 OK
r-patched-linux-x86_64 0.5.0 54.01 107.61 161.62 OK
r-patched-solaris-x86 0.5.0 243.80 OK
r-release-linux-x86_64 0.5.0 54.11 107.96 162.07 OK
r-release-windows-ix86+x86_64 0.5.0 98.00 167.00 265.00 OK
r-release-osx-x86_64 0.5.0 OK
r-oldrel-windows-ix86+x86_64 0.5.0 88.00 146.00 234.00 OK
r-oldrel-osx-x86_64 0.5.0 OK

Check Details

Version: 0.5.0
Check: installed package size
Result: NOTE
     installed size is 6.0Mb
     sub-directories of 1Mb or more:
     doc 1.6Mb
     libs 3.9Mb
Flavor: r-devel-linux-x86_64-fedora-clang