CRAN Package Check Results for Package micromapST

Last updated on 2019-10-19 01:50:17 CEST.

Flavor Version Tinstall Tcheck Ttotal Status Flags
r-devel-linux-x86_64-debian-clang 1.1.1 11.15 67.55 78.70 NOTE
r-devel-linux-x86_64-debian-gcc 1.1.1 7.50 53.34 60.84 NOTE
r-devel-linux-x86_64-fedora-clang 1.1.1 98.55 NOTE
r-devel-linux-x86_64-fedora-gcc 1.1.1 96.16 NOTE
r-devel-windows-ix86+x86_64 1.1.1 24.00 73.00 97.00 OK
r-patched-linux-x86_64 1.1.1 9.45 65.83 75.28 OK
r-patched-solaris-x86 1.1.1 123.90 OK
r-release-linux-x86_64 1.1.1 9.71 68.46 78.17 OK
r-release-windows-ix86+x86_64 1.1.1 16.00 110.00 126.00 OK
r-release-osx-x86_64 1.1.1 OK
r-oldrel-windows-ix86+x86_64 1.1.1 13.00 68.00 81.00 OK
r-oldrel-osx-x86_64 1.1.1 OK

Check Details

Version: 1.1.1
Check: for non-standard things in the check directory
Result: NOTE
    Found the following files/directories:
     'Ex01-WFLung-2000-2004-State-Dot-County-Box.pdf'
     'Ex02-WmLung50-70-Arrow-Bar.pdf' 'Ex03-Time-Series-with-Conf.pdf'
     'Ex04-Scatter-Dots.pdf' 'Ex05-Stkd-Bar-var-height.pdf'
     'Ex06-Stkd-Bar-fixedheight-nodot.pdf' 'Ex07-Educ-Centered-Bar.pdf'
     'Ex08-DotSignificants.pdf' 'Ex09-Kansas Population and
     Inc-8.5x14-sn.pdf' 'Ex10-Kansas Population and Inc-11x17.pdf'
     'Ex11-New York Pop 2010 and Change-sn colSize.pdf' 'Ex12-MD Pop 1970
     and 2010 plus change-map.pdf' 'Ex13-China 2013 Population.pdf'
     'Ex14-Seoul 2012 Population.pdf' 'Ex15-Utah Population.pdf'
     'Ex16_state.x77_no_DC.pdf' 'Ex17_state.x77_DCasNA_D.pdf' 'Ex18_Africa
     Micromap-11x17.pdf'
Flavors: r-devel-linux-x86_64-debian-clang, r-devel-linux-x86_64-debian-gcc, r-devel-linux-x86_64-fedora-clang, r-devel-linux-x86_64-fedora-gcc