CRAN Package Check Results for Package micromapST

Last updated on 2020-05-28 01:53:21 CEST.

Flavor Version Tinstall Tcheck Ttotal Status Flags
r-devel-linux-x86_64-debian-clang 1.1.1 9.32 73.16 82.48 NOTE
r-devel-linux-x86_64-debian-gcc 1.1.1 8.76 56.02 64.78 NOTE
r-devel-linux-x86_64-fedora-clang 1.1.1 103.45 NOTE
r-devel-linux-x86_64-fedora-gcc 1.1.1 101.35 NOTE
r-devel-windows-ix86+x86_64 1.1.1 23.00 83.00 106.00 OK
r-patched-linux-x86_64 1.1.1 10.01 74.14 84.15 NOTE
r-patched-solaris-x86 1.1.1 140.10 NOTE
r-release-linux-x86_64 1.1.1 9.35 75.05 84.40 NOTE
r-release-osx-x86_64 1.1.1 OK
r-release-windows-ix86+x86_64 1.1.1 18.00 110.00 128.00 OK
r-oldrel-osx-x86_64 1.1.1 OK
r-oldrel-windows-ix86+x86_64 1.1.1 25.00 80.00 105.00 OK

Check Details

Version: 1.1.1
Check: for non-standard things in the check directory
Result: NOTE
    Found the following files/directories:
     'Ex01-WFLung-2000-2004-State-Dot-County-Box.pdf'
     'Ex02-WmLung50-70-Arrow-Bar.pdf' 'Ex03-Time-Series-with-Conf.pdf'
     'Ex04-Scatter-Dots.pdf' 'Ex05-Stkd-Bar-var-height.pdf'
     'Ex06-Stkd-Bar-fixedheight-nodot.pdf' 'Ex07-Educ-Centered-Bar.pdf'
     'Ex08-DotSignificants.pdf' 'Ex09-Kansas Population and
     Inc-8.5x14-sn.pdf' 'Ex10-Kansas Population and Inc-11x17.pdf'
     'Ex11-New York Pop 2010 and Change-sn colSize.pdf' 'Ex12-MD Pop 1970
     and 2010 plus change-map.pdf' 'Ex13-China 2013 Population.pdf'
     'Ex14-Seoul 2012 Population.pdf' 'Ex15-Utah Population.pdf'
     'Ex16_state.x77_no_DC.pdf' 'Ex17_state.x77_DCasNA_D.pdf' 'Ex18_Africa
     Micromap-11x17.pdf'
Flavors: r-devel-linux-x86_64-debian-clang, r-devel-linux-x86_64-debian-gcc, r-devel-linux-x86_64-fedora-clang, r-devel-linux-x86_64-fedora-gcc, r-patched-linux-x86_64, r-patched-solaris-x86, r-release-linux-x86_64