CRAN Package Check Results for Package minval

Last updated on 2020-07-04 02:50:16 CEST.

Flavor Version Tinstall Tcheck Ttotal Status Flags
r-devel-linux-x86_64-debian-clang 0.8-1 3.40 74.12 77.52 NOTE
r-devel-linux-x86_64-debian-gcc 0.8-1 2.60 54.36 56.96 NOTE
r-devel-linux-x86_64-fedora-clang 0.8-1 101.46 NOTE
r-devel-linux-x86_64-fedora-gcc 0.8-1 91.55 NOTE
r-devel-windows-ix86+x86_64 0.8-1 16.00 93.00 109.00 OK
r-patched-linux-x86_64 0.8-1 2.97 71.75 74.72 NOTE
r-patched-solaris-x86 0.8-1 129.40 NOTE
r-release-linux-x86_64 0.8-1 3.08 71.03 74.11 NOTE
r-release-osx-x86_64 0.8-1 OK
r-release-windows-ix86+x86_64 0.8-1 8.00 88.00 96.00 OK
r-oldrel-osx-x86_64 0.8-1 OK
r-oldrel-windows-ix86+x86_64 0.8-1 7.00 115.00 122.00 OK

Check Details

Version: 0.8-1
Check: for non-standard things in the check directory
Result: NOTE
    Found the following files/directories:
     'glycolysis.xml' 'glycolysis_desc.tsv' 'glycolysis_met.tsv'
     'glycolysis_react.tsv'
Flavors: r-devel-linux-x86_64-debian-clang, r-devel-linux-x86_64-debian-gcc, r-devel-linux-x86_64-fedora-clang, r-devel-linux-x86_64-fedora-gcc, r-patched-linux-x86_64, r-patched-solaris-x86, r-release-linux-x86_64