CRAN Package Check Results for Package minxent

Last updated on 2019-10-23 03:48:32 CEST.

Flavor Version Tinstall Tcheck Ttotal Status Flags
r-devel-linux-x86_64-debian-clang 0.01 1.63 16.66 18.29 NOTE
r-devel-linux-x86_64-debian-gcc 0.01 1.30 13.96 15.26 NOTE
r-devel-linux-x86_64-fedora-clang 0.01 23.40 NOTE
r-devel-linux-x86_64-fedora-gcc 0.01 23.07 NOTE
r-devel-windows-ix86+x86_64 0.01 9.00 35.00 44.00 NOTE
r-patched-linux-x86_64 0.01 1.23 16.54 17.77 NOTE
r-patched-solaris-x86 0.01 35.90 NOTE
r-release-linux-x86_64 0.01 1.40 16.40 17.80 NOTE
r-release-windows-ix86+x86_64 0.01 4.00 34.00 38.00 NOTE
r-release-osx-x86_64 0.01 NOTE
r-oldrel-windows-ix86+x86_64 0.01 2.00 27.00 29.00 NOTE
r-oldrel-osx-x86_64 0.01 NOTE

Check Details

Version: 0.01
Check: R code for possible problems
Result: NOTE
    minxent.multiple: no visible global function definition for 'cov.wt'
    minxent.single: no visible global function definition for 'optimize'
    Undefined global functions or variables:
     cov.wt optimize
    Consider adding
     importFrom("stats", "cov.wt", "optimize")
    to your NAMESPACE file.
Flavors: r-devel-linux-x86_64-debian-clang, r-devel-linux-x86_64-debian-gcc, r-devel-linux-x86_64-fedora-clang, r-devel-linux-x86_64-fedora-gcc, r-devel-windows-ix86+x86_64, r-patched-linux-x86_64, r-patched-solaris-x86, r-release-linux-x86_64, r-release-windows-ix86+x86_64, r-release-osx-x86_64, r-oldrel-windows-ix86+x86_64, r-oldrel-osx-x86_64

Version: 0.01
Check: Rd line widths
Result: NOTE
    Rd file 'minxent.multiple.Rd':
     \examples lines wider than 100 characters:
     minxent.multiple(q=q,G=G,eta=eta,c(0,0)) #estimates of lagrangian multipliers and MinxEnt distribution
    
    Rd file 'minxent.single.Rd':
     \examples lines wider than 100 characters:
     minxent.single(q=q,G=G,eta=eta,c(0)) # estimate of lagrangian multipliers and Kullback minimimum cross entropy distribution
    
    These lines will be truncated in the PDF manual.
Flavors: r-devel-linux-x86_64-debian-clang, r-devel-linux-x86_64-debian-gcc, r-devel-linux-x86_64-fedora-clang, r-devel-linux-x86_64-fedora-gcc, r-patched-linux-x86_64, r-release-linux-x86_64