CRAN Package Check Results for Package mistat

Last updated on 2019-10-18 01:46:31 CEST.

Flavor Version Tinstall Tcheck Ttotal Status Flags
r-devel-linux-x86_64-debian-clang 1.0-5 3.16 49.76 52.92 OK
r-devel-linux-x86_64-debian-gcc 1.0-5 2.90 39.85 42.75 OK
r-devel-linux-x86_64-fedora-clang 1.0-5 66.10 NOTE
r-devel-linux-x86_64-fedora-gcc 1.0-5 64.54 NOTE
r-devel-windows-ix86+x86_64 1.0-5 10.00 73.00 83.00 OK
r-patched-linux-x86_64 1.0-5 3.33 49.32 52.65 OK
r-patched-solaris-x86 1.0-5 99.40 NOTE
r-release-linux-x86_64 1.0-5 3.06 49.30 52.36 OK
r-release-windows-ix86+x86_64 1.0-5 8.00 169.00 177.00 OK
r-release-osx-x86_64 1.0-5 NOTE
r-oldrel-windows-ix86+x86_64 1.0-5 6.00 45.00 51.00 OK
r-oldrel-osx-x86_64 1.0-5 NOTE

Check Details

Version: 1.0-5
Check: dependencies in R code
Result: NOTE
    Namespace in Imports field not imported from: ‘grDevices’
     All declared Imports should be used.
Flavors: r-devel-linux-x86_64-fedora-clang, r-devel-linux-x86_64-fedora-gcc, r-patched-solaris-x86, r-release-osx-x86_64, r-oldrel-osx-x86_64