CRAN Package Check Results for Package mistat

Last updated on 2020-05-31 01:48:46 CEST.

Flavor Version Tinstall Tcheck Ttotal Status Flags
r-devel-linux-x86_64-debian-clang 1.0-5 3.48 53.86 57.34 OK
r-devel-linux-x86_64-debian-gcc 1.0-5 2.94 42.59 45.53 OK
r-devel-linux-x86_64-fedora-clang 1.0-5 77.98 NOTE
r-devel-linux-x86_64-fedora-gcc 1.0-5 71.76 NOTE
r-devel-windows-ix86+x86_64 1.0-5 12.00 100.00 112.00 OK
r-patched-linux-x86_64 1.0-5 3.89 54.32 58.21 OK
r-patched-solaris-x86 1.0-5 105.80 NOTE
r-release-linux-x86_64 1.0-5 3.64 54.17 57.81 OK
r-release-osx-x86_64 1.0-5 NOTE
r-release-windows-ix86+x86_64 1.0-5 8.00 179.00 187.00 OK
r-oldrel-osx-x86_64 1.0-5 NOTE
r-oldrel-windows-ix86+x86_64 1.0-5 10.00 76.00 86.00 OK

Check Details

Version: 1.0-5
Check: dependencies in R code
Result: NOTE
    Namespace in Imports field not imported from: ‘grDevices’
     All declared Imports should be used.
Flavors: r-devel-linux-x86_64-fedora-clang, r-devel-linux-x86_64-fedora-gcc, r-patched-solaris-x86, r-release-osx-x86_64, r-oldrel-osx-x86_64