CRAN Package Check Results for Package mixedMem

Last updated on 2020-03-31 01:52:45 CEST.

Flavor Version Tinstall Tcheck Ttotal Status Flags
r-devel-linux-x86_64-debian-clang 1.1.0 176.88 58.41 235.29 NOTE
r-devel-linux-x86_64-debian-gcc 1.1.0 110.68 46.21 156.89 NOTE
r-devel-linux-x86_64-fedora-clang 1.1.0 340.00 NOTE
r-devel-linux-x86_64-fedora-gcc 1.1.0 300.92 NOTE
r-devel-windows-ix86+x86_64 1.1.0 309.00 98.00 407.00 NOTE
r-devel-windows-ix86+x86_64-gcc8 1.1.0 339.00 100.00 439.00 NOTE
r-patched-linux-x86_64 1.1.0 132.70 56.56 189.26 NOTE
r-patched-solaris-x86 1.1.0 284.60 NOTE
r-release-linux-x86_64 1.1.0 128.67 53.60 182.27 NOTE
r-release-windows-ix86+x86_64 1.1.0 475.00 148.00 623.00 NOTE
r-release-osx-x86_64 1.1.0 NOTE
r-oldrel-windows-ix86+x86_64 1.1.0 411.00 136.00 547.00 NOTE
r-oldrel-osx-x86_64 1.1.0 NOTE

Check Details

Version: 1.1.0
Check: files in ‘vignettes’
Result: NOTE
    The following directory looks like a leftover from 'knitr':
     'figure'
    Please remove from your package.
Flavors: r-devel-linux-x86_64-debian-clang, r-devel-linux-x86_64-debian-gcc, r-devel-linux-x86_64-fedora-clang, r-devel-linux-x86_64-fedora-gcc, r-devel-windows-ix86+x86_64, r-devel-windows-ix86+x86_64-gcc8, r-patched-linux-x86_64, r-patched-solaris-x86, r-release-linux-x86_64, r-release-windows-ix86+x86_64, r-release-osx-x86_64, r-oldrel-windows-ix86+x86_64, r-oldrel-osx-x86_64

Version: 1.1.0
Check: installed package size
Result: NOTE
     installed size is 6.1Mb
     sub-directories of 1Mb or more:
     libs 5.5Mb
Flavor: r-devel-linux-x86_64-fedora-clang

Version: 1.1.0
Check: compiled code
Result: NOTE
    File ‘mixedMem/libs/mixedMem.so’:
     Found no calls to: ‘R_registerRoutines’, ‘R_useDynamicSymbols’
    
    It is good practice to register native routines and to disable symbol
    search.
    
    See ‘Writing portable packages’ in the ‘Writing R Extensions’ manual.
Flavors: r-devel-linux-x86_64-fedora-clang, r-devel-linux-x86_64-fedora-gcc