CRAN Package Check Results for Package mixsqp

Last updated on 2019-09-24 01:50:03 CEST.

Flavor Version Tinstall Tcheck Ttotal Status Flags
r-devel-linux-x86_64-debian-clang 0.1-97 28.24 56.64 84.88 OK
r-devel-linux-x86_64-debian-gcc 0.1-97 23.43 46.17 69.60 OK
r-devel-linux-x86_64-fedora-clang 0.1-97 115.57 OK
r-devel-linux-x86_64-fedora-gcc 0.1-97 112.79 OK
r-devel-windows-ix86+x86_64 0.1-97 82.00 131.00 213.00 OK
r-patched-linux-x86_64 0.1-97 23.41 57.71 81.12 OK
r-patched-solaris-x86 0.1-97 185.70 NOTE
r-release-linux-x86_64 0.1-97 25.09 57.36 82.45 OK
r-release-windows-ix86+x86_64 0.1-97 84.00 124.00 208.00 NOTE
r-release-osx-x86_64 0.1-97 OK
r-oldrel-windows-ix86+x86_64 0.1-97 57.00 88.00 145.00 NOTE
r-oldrel-osx-x86_64 0.1-97 NOTE

Check Details

Version: 0.1-97
Check: package dependencies
Result: NOTE
    Packages suggested but not available for checking: 'REBayes', 'Rmosek'
Flavor: r-patched-solaris-x86

Version: 0.1-97
Check: Rd cross-references
Result: NOTE
    Packages unavailable to check Rd xrefs: ‘REBayes’, ‘Rmosek’
Flavor: r-patched-solaris-x86

Version: 0.1-97
Check: package dependencies
Result: NOTE
    Package suggested but not available for checking: 'REBayes'
Flavors: r-release-windows-ix86+x86_64, r-oldrel-windows-ix86+x86_64, r-oldrel-osx-x86_64

Version: 0.1-97
Check: Rd cross-references
Result: NOTE
    Package unavailable to check Rd xrefs: 'REBayes'
Flavors: r-release-windows-ix86+x86_64, r-oldrel-windows-ix86+x86_64, r-oldrel-osx-x86_64