CRAN Package Check Results for Package mixsqp

Last updated on 2020-05-27 01:48:38 CEST.

Flavor Version Tinstall Tcheck Ttotal Status Flags
r-devel-linux-x86_64-debian-clang 0.3-43 82.14 117.30 199.44 OK
r-devel-linux-x86_64-debian-gcc 0.3-43 64.56 77.67 142.23 OK
r-devel-linux-x86_64-fedora-clang 0.3-43 236.56 OK
r-devel-linux-x86_64-fedora-gcc 0.3-43 228.01 OK
r-devel-windows-ix86+x86_64 0.3-43 197.00 167.00 364.00 OK
r-patched-linux-x86_64 0.3-43 64.98 104.62 169.60 OK
r-patched-solaris-x86 0.3-43 322.20 NOTE
r-release-linux-x86_64 0.3-43 66.66 106.10 172.76 OK
r-release-osx-x86_64 0.3-43 OK
r-release-windows-ix86+x86_64 0.3-43 151.00 195.00 346.00 OK
r-oldrel-osx-x86_64 0.3-43 OK
r-oldrel-windows-ix86+x86_64 0.3-43 142.00 163.00 305.00 NOTE

Check Details

Version: 0.3-43
Check: package dependencies
Result: NOTE
    Packages suggested but not available for checking: 'REBayes', 'Rmosek'
Flavor: r-patched-solaris-x86

Version: 0.3-43
Check: Rd cross-references
Result: NOTE
    Packages unavailable to check Rd xrefs: ‘REBayes’, ‘Rmosek’
Flavor: r-patched-solaris-x86

Version: 0.3-43
Check: package dependencies
Result: NOTE
    Package suggested but not available for checking: 'REBayes'
Flavor: r-oldrel-windows-ix86+x86_64

Version: 0.3-43
Check: Rd cross-references
Result: NOTE
    Package unavailable to check Rd xrefs: 'REBayes'
Flavor: r-oldrel-windows-ix86+x86_64