CRAN Package Check Results for Package moonBook

Last updated on 2019-10-17 02:47:28 CEST.

Flavor Version Tinstall Tcheck Ttotal Status Flags
r-devel-linux-x86_64-debian-clang 0.2.3 7.40 80.07 87.47 NOTE
r-devel-linux-x86_64-debian-gcc 0.2.3 5.37 63.40 68.77 NOTE
r-devel-linux-x86_64-fedora-clang 0.2.3 108.18 NOTE
r-devel-linux-x86_64-fedora-gcc 0.2.3 104.48 NOTE
r-devel-windows-ix86+x86_64 0.2.3 23.00 128.00 151.00 OK
r-patched-linux-x86_64 0.2.3 6.49 77.64 84.13 OK
r-patched-solaris-x86 0.2.3 146.10 NOTE
r-release-linux-x86_64 0.2.3 6.76 77.96 84.72 OK
r-release-windows-ix86+x86_64 0.2.3 13.00 140.00 153.00 OK
r-release-osx-x86_64 0.2.3 NOTE
r-oldrel-windows-ix86+x86_64 0.2.3 8.00 88.00 96.00 OK
r-oldrel-osx-x86_64 0.2.3 NOTE

Check Details

Version: 0.2.3
Check: for non-standard things in the check directory
Result: NOTE
    Found the following files/directories:
     'test.csv' 'test1.csv' 'testsummary.csv' 'testsummary1.csv'
Flavors: r-devel-linux-x86_64-debian-clang, r-devel-linux-x86_64-debian-gcc, r-devel-linux-x86_64-fedora-clang, r-devel-linux-x86_64-fedora-gcc

Version: 0.2.3
Check: dependencies in R code
Result: NOTE
    Namespace in Imports field not imported from: ‘purrr’
     All declared Imports should be used.
Flavors: r-devel-linux-x86_64-fedora-clang, r-devel-linux-x86_64-fedora-gcc, r-patched-solaris-x86, r-release-osx-x86_64, r-oldrel-osx-x86_64