CRAN Package Check Results for Package moonBook

Last updated on 2020-05-25 01:48:57 CEST.

Flavor Version Tinstall Tcheck Ttotal Status Flags
r-devel-linux-x86_64-debian-clang 0.2.3 8.36 89.29 97.65 NOTE
r-devel-linux-x86_64-debian-gcc 0.2.3 5.57 69.58 75.15 NOTE
r-devel-linux-x86_64-fedora-clang 0.2.3 110.16 NOTE
r-devel-linux-x86_64-fedora-gcc 0.2.3 108.69 NOTE
r-devel-windows-ix86+x86_64 0.2.3 21.00 132.00 153.00 OK
r-patched-linux-x86_64 0.2.3 7.37 88.89 96.26 NOTE
r-patched-solaris-x86 0.2.3 159.90 NOTE
r-release-linux-x86_64 0.2.3 7.18 88.37 95.55 NOTE
r-release-osx-x86_64 0.2.3 NOTE
r-release-windows-ix86+x86_64 0.2.3 22.00 135.00 157.00 OK
r-oldrel-osx-x86_64 0.2.3 NOTE
r-oldrel-windows-ix86+x86_64 0.2.3 15.00 127.00 142.00 OK

Check Details

Version: 0.2.3
Check: for non-standard things in the check directory
Result: NOTE
    Found the following files/directories:
     'test.csv' 'test1.csv' 'testsummary.csv' 'testsummary1.csv'
Flavors: r-devel-linux-x86_64-debian-clang, r-devel-linux-x86_64-debian-gcc, r-devel-linux-x86_64-fedora-clang, r-devel-linux-x86_64-fedora-gcc, r-patched-linux-x86_64, r-patched-solaris-x86, r-release-linux-x86_64

Version: 0.2.3
Check: dependencies in R code
Result: NOTE
    Namespace in Imports field not imported from: ‘purrr’
     All declared Imports should be used.
Flavors: r-devel-linux-x86_64-fedora-clang, r-devel-linux-x86_64-fedora-gcc, r-patched-solaris-x86, r-release-osx-x86_64, r-oldrel-osx-x86_64