CRAN Package Check Results for Package morse

Last updated on 2020-06-03 01:50:52 CEST.

Flavor Version Tinstall Tcheck Ttotal Status Flags
r-devel-linux-x86_64-debian-clang 3.2.5 13.09 296.68 309.77 OK --no-vignettes
r-devel-linux-x86_64-debian-gcc 3.2.5 10.73 189.34 200.07 OK --no-vignettes
r-devel-linux-x86_64-fedora-clang 3.2.5 347.15 OK --no-vignettes
r-devel-linux-x86_64-fedora-gcc 3.2.5 317.67 OK --no-vignettes
r-devel-windows-ix86+x86_64 3.2.5 29.00 338.00 367.00 OK --no-vignettes
r-patched-linux-x86_64 3.2.5 14.21 246.73 260.94 OK --no-vignettes
r-patched-solaris-x86 3.2.5 749.60 OK --no-vignettes
r-release-linux-x86_64 3.2.5 11.21 273.54 284.75 OK --no-vignettes
r-release-osx-x86_64 3.2.5 FAIL
r-release-windows-ix86+x86_64 3.2.5 21.00 372.00 393.00 OK --no-vignettes
r-oldrel-osx-x86_64 3.2.5 WARN
r-oldrel-windows-ix86+x86_64 3.2.5 19.00 297.00 316.00 OK --no-vignettes

Check Details

Version: 3.2.5
Check: re-building of vignette outputs
Result: FAIL
Flavor: r-release-osx-x86_64

Version: 3.2.5
Check: re-building of vignette outputs
Result: WARN
    Error(s) in re-building vignettes:
    --- re-building ‘tutorial.Rmd’ using rmarkdown
    Warning in engine$weave(file, quiet = quiet, encoding = enc) :
     Pandoc (>= 1.12.3) and/or pandoc-citeproc not available. Falling back to R Markdown v1.
    
    Attaching package: 'dplyr'
    
    The following objects are masked from 'package:stats':
    
     filter, lag
    
    The following objects are masked from 'package:base':
    
     intersect, setdiff, setequal, union
    
    Quitting from lines 342-344 (tutorial.Rmd)
    Error: processing vignette 'tutorial.Rmd' failed with diagnostics:
    The model needs too many iterations to provide reliable parameter estimates !
    --- failed re-building ‘tutorial.Rmd’
    
    --- re-building ‘modelling.Snw’ using Sweave
    --- finished re-building ‘modelling.Snw’
    
    SUMMARY: processing the following file failed:
     ‘tutorial.Rmd’
    
    Error: Vignette re-building failed.
    Execution halted
Flavor: r-oldrel-osx-x86_64