CRAN Package Check Results for Package morse

Last updated on 2019-10-22 01:49:31 CEST.

Flavor Version Tinstall Tcheck Ttotal Status Flags
r-devel-linux-x86_64-debian-clang 3.2.5 12.32 269.40 281.72 OK --no-vignettes
r-devel-linux-x86_64-debian-gcc 3.2.5 9.40 175.34 184.74 OK --no-vignettes
r-devel-linux-x86_64-fedora-clang 3.2.5 333.62 OK --no-vignettes
r-devel-linux-x86_64-fedora-gcc 3.2.5 354.14 OK --no-vignettes
r-devel-windows-ix86+x86_64 3.2.5 18.00 326.00 344.00 OK --no-vignettes
r-patched-linux-x86_64 3.2.5 9.58 263.43 273.01 OK --no-vignettes
r-patched-solaris-x86 3.2.5 772.50 OK --no-vignettes
r-release-linux-x86_64 3.2.5 10.55 250.14 260.69 OK --no-vignettes
r-release-windows-ix86+x86_64 3.2.5 31.00 359.00 390.00 OK --no-vignettes
r-release-osx-x86_64 3.2.5 FAIL
r-oldrel-windows-ix86+x86_64 3.2.5 12.00 278.00 290.00 OK --no-vignettes
r-oldrel-osx-x86_64 3.2.5 FAIL

Check Details

Version: 3.2.5
Check: re-building of vignette outputs
Result: FAIL
    
Flavors: r-release-osx-x86_64, r-oldrel-osx-x86_64