CRAN Package Check Results for Package mosaicData

Last updated on 2019-10-23 03:48:32 CEST.

Flavor Version Tinstall Tcheck Ttotal Status Flags
r-devel-linux-x86_64-debian-clang 0.17.0 3.76 33.73 37.49 OK
r-devel-linux-x86_64-debian-gcc 0.17.0 3.06 26.56 29.62 OK
r-devel-linux-x86_64-fedora-clang 0.17.0 46.00 NOTE
r-devel-linux-x86_64-fedora-gcc 0.17.0 44.59 NOTE
r-devel-windows-ix86+x86_64 0.17.0 13.00 74.00 87.00 OK
r-patched-linux-x86_64 0.17.0 3.34 32.80 36.14 OK
r-patched-solaris-x86 0.17.0 73.50 NOTE
r-release-linux-x86_64 0.17.0 3.08 32.83 35.91 OK
r-release-windows-ix86+x86_64 0.17.0 13.00 50.00 63.00 OK
r-release-osx-x86_64 0.17.0 NOTE
r-oldrel-windows-ix86+x86_64 0.17.0 7.00 61.00 68.00 OK
r-oldrel-osx-x86_64 0.17.0 NOTE

Check Details

Version: 0.17.0
Check: data for non-ASCII characters
Result: NOTE
     Note: found 7 marked UTF-8 strings
Flavors: r-devel-linux-x86_64-fedora-clang, r-devel-linux-x86_64-fedora-gcc, r-patched-solaris-x86, r-release-osx-x86_64, r-oldrel-osx-x86_64