CRAN Package Check Results for Package mrMLM.GUI

Last updated on 2019-10-19 01:50:18 CEST.

Flavor Version Tinstall Tcheck Ttotal Status Flags
r-devel-linux-x86_64-debian-clang 3.2 22.28 133.06 155.34 OK
r-devel-linux-x86_64-debian-gcc 3.2 16.74 105.45 122.19 OK
r-devel-linux-x86_64-fedora-clang 3.2 186.76 OK
r-devel-linux-x86_64-fedora-gcc 3.2 181.93 OK
r-devel-windows-ix86+x86_64 3.2 56.00 126.00 182.00 OK
r-patched-linux-x86_64 3.2 20.38 130.76 151.14 OK
r-patched-solaris-x86 3.2 249.30 NOTE
r-release-linux-x86_64 3.2 23.61 134.55 158.16 OK
r-release-windows-ix86+x86_64 3.2 34.00 130.00 164.00 OK
r-release-osx-x86_64 3.2 OK
r-oldrel-windows-ix86+x86_64 3.2 28.00 118.00 146.00 OK
r-oldrel-osx-x86_64 3.2 OK

Check Details

Version: 3.2
Check: installed package size
Result: NOTE
     installed size is 5.2Mb
     sub-directories of 1Mb or more:
     extdata 3.8Mb
Flavor: r-patched-solaris-x86