CRAN Package Check Results for Package msigdbr

Last updated on 2020-05-31 01:48:46 CEST.

Flavor Version Tinstall Tcheck Ttotal Status Flags
r-devel-linux-x86_64-debian-clang 7.1.1 30.89 90.37 121.26 OK
r-devel-linux-x86_64-debian-gcc 7.1.1 28.39 78.31 106.70 OK
r-devel-linux-x86_64-fedora-clang 7.1.1 148.44 NOTE
r-devel-linux-x86_64-fedora-gcc 7.1.1 160.97 OK
r-devel-windows-ix86+x86_64 7.1.1 54.00 118.00 172.00 NOTE
r-patched-linux-x86_64 7.1.1 29.30 84.53 113.83 OK
r-patched-solaris-x86 7.1.1 288.40 NOTE
r-release-linux-x86_64 7.1.1 30.40 99.01 129.41 OK
r-release-osx-x86_64 7.1.1 NOTE
r-release-windows-ix86+x86_64 7.1.1 45.00 161.00 206.00 NOTE
r-oldrel-osx-x86_64 7.1.1 NOTE
r-oldrel-windows-ix86+x86_64 7.1.1 51.00 100.00 151.00 NOTE

Check Details

Version: 7.1.1
Check: installed package size
Result: NOTE
     installed size is 5.5Mb
     sub-directories of 1Mb or more:
     R 5.3Mb
Flavors: r-devel-linux-x86_64-fedora-clang, r-devel-windows-ix86+x86_64, r-patched-solaris-x86, r-release-osx-x86_64, r-release-windows-ix86+x86_64, r-oldrel-osx-x86_64, r-oldrel-windows-ix86+x86_64