CRAN Package Check Results for Package mssqlR

Last updated on 2020-06-03 01:50:52 CEST.

Flavor Version Tinstall Tcheck Ttotal Status Flags
r-devel-linux-x86_64-debian-clang 1.0.0 2.15 18.83 20.98 OK
r-devel-linux-x86_64-debian-gcc 1.0.0 1.69 15.36 17.05 OK
r-devel-linux-x86_64-fedora-clang 1.0.0 33.91 OK
r-devel-linux-x86_64-fedora-gcc 1.0.0 24.86 OK
r-devel-windows-ix86+x86_64 1.0.0 6.00 33.00 39.00 OK
r-patched-linux-x86_64 1.0.0 1.95 19.27 21.22 OK
r-patched-solaris-x86 1.0.0 42.20 OK
r-release-linux-x86_64 1.0.0 1.97 20.24 22.21 OK
r-release-osx-x86_64 1.0.0 ERROR
r-release-windows-ix86+x86_64 1.0.0 5.00 49.00 54.00 OK
r-oldrel-osx-x86_64 1.0.0 ERROR
r-oldrel-windows-ix86+x86_64 1.0.0 6.00 30.00 36.00 OK

Check Details

Version: 1.0.0
Check: examples
Result: ERROR
    Running examples in ‘mssqlR-Ex.R’ failed
Flavors: r-release-osx-x86_64, r-oldrel-osx-x86_64