CRAN Package Check Results for Package multiAssetOptions

Last updated on 2020-03-29 01:49:00 CET.

Flavor Version Tinstall Tcheck Ttotal Status Flags
r-devel-linux-x86_64-debian-clang 0.1-1 NOTE
r-devel-linux-x86_64-debian-gcc 0.1-1 7.58 51.18 58.76 NOTE
r-devel-linux-x86_64-fedora-clang 0.1-1 92.27 NOTE
r-devel-linux-x86_64-fedora-gcc 0.1-1 86.58 NOTE
r-devel-windows-ix86+x86_64 0.1-1 15.00 69.00 84.00 NOTE
r-devel-windows-ix86+x86_64-gcc8 0.1-1 12.00 78.00 90.00 NOTE
r-patched-linux-x86_64 0.1-1 8.79 62.57 71.36 NOTE
r-patched-solaris-x86 0.1-1 132.20 NOTE
r-release-linux-x86_64 0.1-1 8.40 57.32 65.72 NOTE
r-release-windows-ix86+x86_64 0.1-1 20.00 79.00 99.00 NOTE
r-release-osx-x86_64 0.1-1 NOTE
r-oldrel-windows-ix86+x86_64 0.1-1 11.00 91.00 102.00 NOTE
r-oldrel-osx-x86_64 0.1-1 NOTE

Check Details

Version: 0.1-1
Check: R code for possible problems
Result: NOTE
    plotOptionValues: no visible global function definition for 'persp'
    Undefined global functions or variables:
     persp
    Consider adding
     importFrom("graphics", "persp")
    to your NAMESPACE file.
Flavors: r-devel-linux-x86_64-debian-clang, r-devel-linux-x86_64-debian-gcc, r-devel-linux-x86_64-fedora-clang, r-devel-linux-x86_64-fedora-gcc, r-devel-windows-ix86+x86_64, r-patched-linux-x86_64, r-patched-solaris-x86

Version: 0.1-1
Check: R code for possible problems
Result: NOTE
    plotOptionValues: no visible global function definition for 'plot'
    plotOptionValues: no visible global function definition for 'persp'
    Undefined global functions or variables:
     persp plot
    Consider adding
     importFrom("graphics", "persp", "plot")
    to your NAMESPACE file.
Flavors: r-devel-windows-ix86+x86_64-gcc8, r-release-linux-x86_64, r-release-windows-ix86+x86_64, r-release-osx-x86_64, r-oldrel-windows-ix86+x86_64, r-oldrel-osx-x86_64