CRAN Package Check Results for Package munsellinterpol

Last updated on 2020-05-30 02:02:39 CEST.

Flavor Version Tinstall Tcheck Ttotal Status Flags
r-devel-linux-x86_64-debian-clang 2.6-1 6.16 277.97 284.13 WARN
r-devel-linux-x86_64-debian-gcc 2.6-1 4.77 200.74 205.51 OK
r-devel-linux-x86_64-fedora-clang 2.6-1 324.59 OK
r-devel-linux-x86_64-fedora-gcc 2.6-1 339.87 OK
r-devel-windows-ix86+x86_64 2.6-1 16.00 339.00 355.00 WARN
r-patched-linux-x86_64 2.6-1 7.39 270.24 277.63 OK
r-patched-solaris-x86 2.6-1 364.10 OK
r-release-linux-x86_64 2.6-1 6.82 276.68 283.50 OK
r-release-osx-x86_64 2.6-1 OK
r-release-windows-ix86+x86_64 2.6-1 10.00 404.00 414.00 OK
r-oldrel-osx-x86_64 2.6-1 OK
r-oldrel-windows-ix86+x86_64 2.6-1 12.00 262.00 274.00 OK

Check Details

Version: 2.6-1
Check: whether package can be installed
Result: WARN
    Found the following significant warnings:
     Warning: S4 exports specified in 'NAMESPACE' but not defined in package 'spacesXYZ'
Flavors: r-devel-linux-x86_64-debian-clang, r-devel-windows-ix86+x86_64