CRAN Package Check Results for Package mvabund

Last updated on 2020-05-25 01:48:58 CEST.

Flavor Version Tinstall Tcheck Ttotal Status Flags
r-devel-linux-x86_64-debian-clang 4.1.3 101.60 165.56 267.16 OK
r-devel-linux-x86_64-debian-gcc 4.1.3 72.91 123.13 196.04 OK
r-devel-linux-x86_64-fedora-clang 4.1.3 337.72 OK
r-devel-linux-x86_64-fedora-gcc 4.1.3 319.01 OK
r-devel-windows-ix86+x86_64 4.1.3 230.00 337.00 567.00 OK
r-patched-linux-x86_64 4.1.3 74.97 163.45 238.42 OK
r-patched-solaris-x86 4.1.3 388.60 OK
r-release-linux-x86_64 4.1.3 77.82 163.06 240.88 OK
r-release-osx-x86_64 4.1.3 NOTE
r-release-windows-ix86+x86_64 4.1.3 173.00 334.00 507.00 OK
r-oldrel-osx-x86_64 4.1.3 NOTE
r-oldrel-windows-ix86+x86_64 4.1.3 195.00 321.00 516.00 OK

Check Details

Version: 4.1.3
Check: installed package size
Result: NOTE
     installed size is 6.6Mb
     sub-directories of 1Mb or more:
     libs 5.5Mb
Flavors: r-release-osx-x86_64, r-oldrel-osx-x86_64