CRAN Package Check Results for Package mvmesh

Last updated on 2020-05-30 02:02:39 CEST.

Flavor Version Tinstall Tcheck Ttotal Status Flags
r-devel-linux-x86_64-debian-clang 1.6 5.52 48.04 53.56 OK
r-devel-linux-x86_64-debian-gcc 1.6 5.02 37.55 42.57 OK
r-devel-linux-x86_64-fedora-clang 1.6 65.43 OK
r-devel-linux-x86_64-fedora-gcc 1.6 64.18 OK
r-devel-windows-ix86+x86_64 1.6 19.00 80.00 99.00 OK
r-patched-linux-x86_64 1.6 5.82 47.64 53.46 OK
r-patched-solaris-x86 1.6 91.40 OK
r-release-linux-x86_64 1.6 6.33 47.92 54.25 OK
r-release-osx-x86_64 1.6 OK
r-release-windows-ix86+x86_64 1.6 15.00 91.00 106.00 OK
r-oldrel-osx-x86_64 1.6 WARN
r-oldrel-windows-ix86+x86_64 1.6 12.00 58.00 70.00 OK

Check Details

Version: 1.6
Check: whether package can be installed
Result: WARN
    Found the following significant warnings:
     Warning: 'rgl_init' failed, running with rgl.useNULL = TRUE
Flavor: r-oldrel-osx-x86_64

Version: 1.6
Check: dependencies in R code
Result: NOTE
    No protocol specified
Flavor: r-oldrel-osx-x86_64

Version: 1.6
Check: S3 generic/method consistency
Result: WARN
    No protocol specified
    See section ‘Generic functions and methods’ in the ‘Writing R
    Extensions’ manual.
Flavor: r-oldrel-osx-x86_64

Version: 1.6
Check: replacement functions
Result: WARN
    No protocol specified
    The argument of a replacement function which corresponds to the right
    hand side must be named ‘value’.
Flavor: r-oldrel-osx-x86_64

Version: 1.6
Check: foreign function calls
Result: NOTE
    No protocol specified
    See chapter ‘System and foreign language interfaces’ in the ‘Writing R
    Extensions’ manual.
Flavor: r-oldrel-osx-x86_64

Version: 1.6
Check: R code for possible problems
Result: NOTE
    No protocol specified
Flavor: r-oldrel-osx-x86_64

Version: 1.6
Check: for missing documentation entries
Result: WARN
    No protocol specified
    All user-level objects in a package should have documentation entries.
    See chapter ‘Writing R documentation files’ in the ‘Writing R
    Extensions’ manual.
Flavor: r-oldrel-osx-x86_64

Version: 1.6
Check: for code/documentation mismatches
Result: WARN
    No protocol specified
    No protocol specified
    No protocol specified
Flavor: r-oldrel-osx-x86_64

Version: 1.6
Check: Rd \usage sections
Result: NOTE
    No protocol specified
    The \usage entries for S3 methods should use the \method markup and not
    their full name.
    See chapter ‘Writing R documentation files’ in the ‘Writing R
    Extensions’ manual.
Flavor: r-oldrel-osx-x86_64