CRAN Package Check Results for Package mvmesh

Last updated on 2019-11-18 00:54:26 CET.

Flavor Version Tinstall Tcheck Ttotal Status Flags
r-devel-linux-x86_64-debian-clang 1.5 6.22 42.97 49.19 OK
r-devel-linux-x86_64-debian-gcc 1.5 5.16 35.10 40.26 OK
r-devel-linux-x86_64-fedora-clang 1.5 58.31 OK
r-devel-linux-x86_64-fedora-gcc 1.5 56.85 OK
r-devel-windows-ix86+x86_64 1.5 28.00 78.00 106.00 OK
r-patched-linux-x86_64 1.5 5.56 42.73 48.29 OK
r-patched-solaris-x86 1.5 84.70 OK
r-release-linux-x86_64 1.5 5.82 41.46 47.28 OK
r-release-windows-ix86+x86_64 1.5 13.00 83.00 96.00 OK
r-release-osx-x86_64 1.5 WARN
r-oldrel-windows-ix86+x86_64 1.5 7.00 108.00 115.00 OK
r-oldrel-osx-x86_64 1.5 OK

Check Details

Version: 1.5
Check: whether package can be installed
Result: WARN
    Found the following significant warnings:
     Warning: 'rgl_init' failed, running with rgl.useNULL = TRUE
Flavor: r-release-osx-x86_64