CRAN Package Check Results for Package namer

Last updated on 2019-10-18 01:46:31 CEST.

Flavor Version Tinstall Tcheck Ttotal Status Flags
r-devel-linux-x86_64-debian-clang 0.1.4 1.95 23.41 25.36 OK
r-devel-linux-x86_64-debian-gcc 0.1.4 1.66 19.06 20.72 OK
r-devel-linux-x86_64-fedora-clang 0.1.4 32.01 OK
r-devel-linux-x86_64-fedora-gcc 0.1.4 31.25 OK
r-devel-windows-ix86+x86_64 0.1.4 9.00 37.00 46.00 OK
r-patched-linux-x86_64 0.1.4 1.71 22.75 24.46 OK
r-patched-solaris-x86 0.1.4 45.60 ERROR
r-release-linux-x86_64 0.1.4 1.46 22.59 24.05 OK
r-release-windows-ix86+x86_64 0.1.4 5.00 52.00 57.00 OK
r-release-osx-x86_64 0.1.4 ERROR
r-oldrel-windows-ix86+x86_64 0.1.4 3.00 33.00 36.00 OK
r-oldrel-osx-x86_64 0.1.4 ERROR

Check Details

Version: 0.1.4
Check: tests
Result: ERROR
     Running ‘testthat.R’
    Running the tests in ‘tests/testthat.R’ failed.
    Complete output:
     > library(testthat)
     > library(namer)
     >
     > test_check("namer")
     ── 1. Error: unname_all_chunks works (@test-unname_all_chunks.R#22) ───────────
     pandoc version 1.12.3 or higher is required and was not found (see the help page ?rmarkdown::pandoc_available).
     1: rmarkdown::render(temp_file_path) at testthat/test-unname_all_chunks.R:22
     2: pandoc_available(required_pandoc, error = TRUE)
     3: stop(paste(msg, collapse = " "), call. = FALSE)
    
     ══ testthat results ═══════════════════════════════════════════════════════════
     [ OK: 10 | SKIPPED: 0 | WARNINGS: 0 | FAILED: 1 ]
     1. Error: unname_all_chunks works (@test-unname_all_chunks.R#22)
    
     Error: testthat unit tests failed
     Execution halted
Flavor: r-patched-solaris-x86

Version: 0.1.4
Check: tests
Result: ERROR
     Running ‘testthat.R’ [2s/3s]
    Running the tests in ‘tests/testthat.R’ failed.
    Last 13 lines of output:
     > library(namer)
     >
     > test_check("namer")
     ── 1. Error: unname_all_chunks works (@test-unname_all_chunks.R#22) ───────────
     pandoc version 1.12.3 or higher is required and was not found (see the help page ?rmarkdown::pandoc_available).
     1: rmarkdown::render(temp_file_path) at testthat/test-unname_all_chunks.R:22
     2: pandoc_available(required_pandoc, error = TRUE)
     3: stop(paste(msg, collapse = " "), call. = FALSE)
    
     ══ testthat results ═══════════════════════════════════════════════════════════
     OK: 10 SKIPPED: 0 FAILED: 1
     1. Error: unname_all_chunks works (@test-unname_all_chunks.R#22)
    
     Error: testthat unit tests failed
     Execution halted
Flavor: r-release-osx-x86_64

Version: 0.1.4
Check: tests
Result: ERROR
     Running ‘testthat.R’ [2s/2s]
    Running the tests in ‘tests/testthat.R’ failed.
    Last 13 lines of output:
     > library(namer)
     >
     > test_check("namer")
     ── 1. Error: unname_all_chunks works (@test-unname_all_chunks.R#22) ───────────
     pandoc version 1.12.3 or higher is required and was not found (see the help page ?rmarkdown::pandoc_available).
     1: rmarkdown::render(temp_file_path) at testthat/test-unname_all_chunks.R:22
     2: pandoc_available(required_pandoc, error = TRUE)
     3: stop(paste(msg, collapse = " "), call. = FALSE)
    
     ══ testthat results ═══════════════════════════════════════════════════════════
     [ OK: 10 | SKIPPED: 0 | WARNINGS: 0 | FAILED: 1 ]
     1. Error: unname_all_chunks works (@test-unname_all_chunks.R#22)
    
     Error: testthat unit tests failed
     Execution halted
Flavor: r-oldrel-osx-x86_64