CRAN Package Check Results for Package ncpen

Last updated on 2019-10-20 01:46:55 CEST.

Flavor Version Tinstall Tcheck Ttotal Status Flags
r-devel-linux-x86_64-debian-clang 1.0.0 65.76 37.18 102.94 OK
r-devel-linux-x86_64-debian-gcc 1.0.0 48.72 30.43 79.15 OK
r-devel-linux-x86_64-fedora-clang 1.0.0 141.52 NOTE
r-devel-linux-x86_64-fedora-gcc 1.0.0 147.56 OK
r-devel-windows-ix86+x86_64 1.0.0 100.00 107.00 207.00 OK
r-patched-linux-x86_64 1.0.0 55.64 36.46 92.10 OK
r-patched-solaris-x86 1.0.0 128.40 OK
r-release-linux-x86_64 1.0.0 51.47 36.84 88.31 OK
r-release-windows-ix86+x86_64 1.0.0 88.00 78.00 166.00 OK
r-release-osx-x86_64 1.0.0 NOTE
r-oldrel-windows-ix86+x86_64 1.0.0 97.00 69.00 166.00 OK
r-oldrel-osx-x86_64 1.0.0 NOTE

Check Details

Version: 1.0.0
Check: installed package size
Result: NOTE
     installed size is 6.7Mb
     sub-directories of 1Mb or more:
     libs 6.4Mb
Flavors: r-devel-linux-x86_64-fedora-clang, r-release-osx-x86_64, r-oldrel-osx-x86_64