CRAN Package Check Results for Package ncpen

Last updated on 2020-05-28 01:53:23 CEST.

Flavor Version Tinstall Tcheck Ttotal Status Flags
r-devel-linux-x86_64-debian-clang 1.0.0 72.07 40.47 112.54 OK
r-devel-linux-x86_64-debian-gcc 1.0.0 54.72 31.95 86.67 OK
r-devel-linux-x86_64-fedora-clang 1.0.0 149.29 NOTE
r-devel-linux-x86_64-fedora-gcc 1.0.0 141.98 OK
r-devel-windows-ix86+x86_64 1.0.0 162.00 84.00 246.00 OK
r-patched-linux-x86_64 1.0.0 59.29 39.46 98.75 OK
r-patched-solaris-x86 1.0.0 134.30 OK
r-release-linux-x86_64 1.0.0 58.18 39.99 98.17 OK
r-release-osx-x86_64 1.0.0 NOTE
r-release-windows-ix86+x86_64 1.0.0 119.00 109.00 228.00 OK
r-oldrel-osx-x86_64 1.0.0 NOTE
r-oldrel-windows-ix86+x86_64 1.0.0 144.00 85.00 229.00 OK

Check Details

Version: 1.0.0
Check: installed package size
Result: NOTE
     installed size is 7.3Mb
     sub-directories of 1Mb or more:
     libs 7.1Mb
Flavors: r-devel-linux-x86_64-fedora-clang, r-release-osx-x86_64, r-oldrel-osx-x86_64