CRAN Package Check Results for Package neatmaps

Last updated on 2019-10-13 01:46:20 CEST.

Flavor Version Tinstall Tcheck Ttotal Status Flags
r-devel-linux-x86_64-debian-clang 2.1.0 8.90 79.44 88.34 OK
r-devel-linux-x86_64-debian-gcc 2.1.0 6.75 64.15 70.90 OK
r-devel-linux-x86_64-fedora-clang 2.1.0 102.12 NOTE
r-devel-linux-x86_64-fedora-gcc 2.1.0 97.86 OK
r-devel-windows-ix86+x86_64 2.1.0 25.00 166.00 191.00 NOTE
r-patched-linux-x86_64 2.1.0 7.02 73.69 80.71 OK
r-patched-solaris-x86 2.1.0 136.60 NOTE
r-release-linux-x86_64 2.1.0 7.76 76.78 84.54 OK
r-release-windows-ix86+x86_64 2.1.0 42.00 87.00 129.00 NOTE
r-release-osx-x86_64 2.1.0 ERROR
r-oldrel-windows-ix86+x86_64 2.1.0 10.00 84.00 94.00 NOTE
r-oldrel-osx-x86_64 2.1.0 ERROR

Check Details

Version: 2.1.0
Check: installed package size
Result: NOTE
     installed size is 6.3Mb
Flavors: r-devel-linux-x86_64-fedora-clang, r-devel-windows-ix86+x86_64, r-patched-solaris-x86, r-release-windows-ix86+x86_64, r-oldrel-windows-ix86+x86_64

Version: 2.1.0
Check: package dependencies
Result: ERROR
    Package required but not available: ‘ConsensusClusterPlus’
    
    See section ‘The DESCRIPTION file’ in the ‘Writing R Extensions’
    manual.
Flavors: r-release-osx-x86_64, r-oldrel-osx-x86_64