CRAN Package Check Results for Package neatmaps

Last updated on 2020-05-25 01:48:58 CEST.

Flavor Version Tinstall Tcheck Ttotal Status Flags
r-devel-linux-x86_64-debian-clang 2.1.0 10.01 85.63 95.64 OK
r-devel-linux-x86_64-debian-gcc 2.1.0 7.41 66.88 74.29 OK
r-devel-linux-x86_64-fedora-clang 2.1.0 107.36 NOTE
r-devel-linux-x86_64-fedora-gcc 2.1.0 106.64 OK
r-devel-windows-ix86+x86_64 2.1.0 51.00 97.00 148.00 NOTE
r-patched-linux-x86_64 2.1.0 9.97 80.96 90.93 OK
r-patched-solaris-x86 2.1.0 145.20 NOTE
r-release-linux-x86_64 2.1.0 10.06 82.15 92.21 OK
r-release-osx-x86_64 2.1.0 ERROR
r-release-windows-ix86+x86_64 2.1.0 40.00 138.00 178.00 NOTE
r-oldrel-osx-x86_64 2.1.0 ERROR
r-oldrel-windows-ix86+x86_64 2.1.0 22.00 128.00 150.00 NOTE

Check Details

Version: 2.1.0
Check: installed package size
Result: NOTE
     installed size is 6.3Mb
Flavors: r-devel-linux-x86_64-fedora-clang, r-devel-windows-ix86+x86_64, r-patched-solaris-x86, r-release-windows-ix86+x86_64, r-oldrel-windows-ix86+x86_64

Version: 2.1.0
Check: package dependencies
Result: ERROR
    Package required but not available: ‘ConsensusClusterPlus’
    
    See section ‘The DESCRIPTION file’ in the ‘Writing R Extensions’
    manual.
Flavors: r-release-osx-x86_64, r-oldrel-osx-x86_64