CRAN Package Check Results for Package netrankr

Last updated on 2019-10-23 03:48:33 CEST.

Flavor Version Tinstall Tcheck Ttotal Status Flags
r-devel-linux-x86_64-debian-clang 0.2.1 146.21 70.39 216.60 OK
r-devel-linux-x86_64-debian-gcc 0.2.1 98.50 55.22 153.72 OK
r-devel-linux-x86_64-fedora-clang 0.2.1 305.98 NOTE
r-devel-linux-x86_64-fedora-gcc 0.2.1 276.40 OK
r-devel-windows-ix86+x86_64 0.2.1 274.00 119.00 393.00 OK
r-patched-linux-x86_64 0.2.1 107.51 68.19 175.70 OK
r-patched-solaris-x86 0.2.1 259.80 OK
r-release-linux-x86_64 0.2.1 108.29 68.73 177.02 OK
r-release-windows-ix86+x86_64 0.2.1 368.00 116.00 484.00 OK
r-release-osx-x86_64 0.2.1 OK
r-oldrel-windows-ix86+x86_64 0.2.1 365.00 130.00 495.00 OK
r-oldrel-osx-x86_64 0.2.1 OK

Check Details

Version: 0.2.1
Check: installed package size
Result: NOTE
     installed size is 5.5Mb
     sub-directories of 1Mb or more:
     libs 4.2Mb
Flavor: r-devel-linux-x86_64-fedora-clang