CRAN Package Check Results for Package netrankr

Last updated on 2020-05-28 01:53:23 CEST.

Flavor Version Tinstall Tcheck Ttotal Status Flags
r-devel-linux-x86_64-debian-clang 0.2.1 169.81 77.88 247.69 OK
r-devel-linux-x86_64-debian-gcc 0.2.1 114.45 59.88 174.33 OK
r-devel-linux-x86_64-fedora-clang 0.2.1 332.83 NOTE
r-devel-linux-x86_64-fedora-gcc 0.2.1 288.06 OK
r-devel-windows-ix86+x86_64 0.2.1 411.00 127.00 538.00 OK
r-patched-linux-x86_64 0.2.1 118.05 76.11 194.16 OK
r-patched-solaris-x86 0.2.1 274.30 OK
r-release-linux-x86_64 0.2.1 115.34 75.75 191.09 OK
r-release-osx-x86_64 0.2.1 NOTE
r-release-windows-ix86+x86_64 0.2.1 288.00 165.00 453.00 OK
r-oldrel-osx-x86_64 0.2.1 OK
r-oldrel-windows-ix86+x86_64 0.2.1 314.00 128.00 442.00 OK

Check Details

Version: 0.2.1
Check: installed package size
Result: NOTE
     installed size is 6.2Mb
     sub-directories of 1Mb or more:
     libs 5.0Mb
Flavors: r-devel-linux-x86_64-fedora-clang, r-release-osx-x86_64