CRAN Package Check Results for Package newsanchor

Last updated on 2020-07-04 02:50:20 CEST.

Flavor Version Tinstall Tcheck Ttotal Status Flags
r-devel-linux-x86_64-debian-clang 0.1.1 5.29 44.30 49.59 OK
r-devel-linux-x86_64-debian-gcc 0.1.1 4.02 34.54 38.56 OK
r-devel-linux-x86_64-fedora-clang 0.1.1 70.18 NOTE
r-devel-linux-x86_64-fedora-gcc 0.1.1 60.28 NOTE
r-devel-windows-ix86+x86_64 0.1.1 31.00 70.00 101.00 OK
r-patched-linux-x86_64 0.1.1 5.11 43.13 48.24 OK
r-patched-solaris-x86 0.1.1 87.70 NOTE
r-release-linux-x86_64 0.1.1 4.39 43.53 47.92 OK
r-release-osx-x86_64 0.1.1 NOTE
r-release-windows-ix86+x86_64 0.1.1 13.00 64.00 77.00 OK
r-oldrel-osx-x86_64 0.1.1 NOTE
r-oldrel-windows-ix86+x86_64 0.1.1 33.00 102.00 135.00 OK

Check Details

Version: 0.1.1
Check: dependencies in R code
Result: NOTE
    Namespaces in Imports field not imported from:
     ‘devtools’ ‘xml2’
     All declared Imports should be used.
Flavors: r-devel-linux-x86_64-fedora-clang, r-devel-linux-x86_64-fedora-gcc, r-patched-solaris-x86, r-release-osx-x86_64, r-oldrel-osx-x86_64

Version: 0.1.1
Check: data for non-ASCII characters
Result: NOTE
     Note: found 318 marked UTF-8 strings
Flavors: r-devel-linux-x86_64-fedora-clang, r-devel-linux-x86_64-fedora-gcc, r-patched-solaris-x86, r-release-osx-x86_64, r-oldrel-osx-x86_64