CRAN Package Check Results for Package nlr

Last updated on 2019-11-18 00:54:26 CET.

Flavor Version Tinstall Tcheck Ttotal Status Flags
r-devel-linux-x86_64-debian-clang 0.1-3 25.91 159.87 185.78 OK
r-devel-linux-x86_64-debian-gcc 0.1-3 22.89 128.41 151.30 OK
r-devel-linux-x86_64-fedora-clang 0.1-3 216.07 OK
r-devel-linux-x86_64-fedora-gcc 0.1-3 222.14 OK
r-devel-windows-ix86+x86_64 0.1-3 60.00 249.00 309.00 OK
r-patched-linux-x86_64 0.1-3 23.71 151.81 175.52 OK
r-patched-solaris-x86 0.1-3 309.90 OK
r-release-linux-x86_64 0.1-3 23.68 153.28 176.96 OK
r-release-windows-ix86+x86_64 0.1-3 43.00 235.00 278.00 OK
r-release-osx-x86_64 0.1-3 OK
r-oldrel-osx-x86_64 0.1-3 ERROR

Additional issues

OpenBLAS

Check Details

Version: 0.1-3
Check: whether package can be installed
Result: ERROR
    Installation failed.
Flavor: r-oldrel-osx-x86_64