CRAN Package Check Results for Package nycflights13

Last updated on 2020-05-25 01:48:58 CEST.

Flavor Version Tinstall Tcheck Ttotal Status Flags
r-devel-linux-x86_64-debian-clang 1.0.1 9.52 33.56 43.08 OK
r-devel-linux-x86_64-debian-gcc 1.0.1 10.02 27.09 37.11 OK
r-devel-linux-x86_64-fedora-clang 1.0.1 56.59 NOTE
r-devel-linux-x86_64-fedora-gcc 1.0.1 56.52 OK
r-devel-windows-ix86+x86_64 1.0.1 31.00 44.00 75.00 NOTE
r-patched-linux-x86_64 1.0.1 12.05 33.59 45.64 OK
r-patched-solaris-x86 1.0.1 87.90 NOTE
r-release-linux-x86_64 1.0.1 13.08 32.56 45.64 OK
r-release-osx-x86_64 1.0.1 NOTE
r-release-windows-ix86+x86_64 1.0.1 19.00 61.00 80.00 NOTE
r-oldrel-osx-x86_64 1.0.1 NOTE
r-oldrel-windows-ix86+x86_64 1.0.1 15.00 59.00 74.00 NOTE

Check Details

Version: 1.0.1
Check: installed package size
Result: NOTE
     installed size is 7.0Mb
     sub-directories of 1Mb or more:
     data 6.9Mb
Flavors: r-devel-linux-x86_64-fedora-clang, r-devel-windows-ix86+x86_64, r-patched-solaris-x86, r-release-osx-x86_64, r-release-windows-ix86+x86_64, r-oldrel-osx-x86_64, r-oldrel-windows-ix86+x86_64