CRAN Package Check Results for Package oce

Last updated on 2021-12-02 01:49:36 CET.

Flavor Version Tinstall Tcheck Ttotal Status Flags
r-devel-linux-x86_64-debian-clang 1.4-0 243.05 562.47 805.52 OK
r-devel-linux-x86_64-debian-gcc 1.4-0 167.59 423.68 591.27 OK
r-devel-linux-x86_64-fedora-clang 1.4-0 1087.37 NOTE
r-devel-linux-x86_64-fedora-gcc 1.4-0 996.58 OK
r-devel-windows-x86_64-new-UL 1.4-0 397.00 846.00 1243.00 NOTE
r-devel-windows-x86_64-new-TK 1.4-0 OK
r-devel-windows-x86_64-old 1.4-0 334.00 545.00 879.00 NOTE
r-patched-linux-x86_64 1.4-0 230.53 549.82 780.35 OK
r-patched-solaris-x86 1.4-0 1060.50 NOTE
r-release-linux-x86_64 1.4-0 217.57 551.69 769.26 OK
r-release-macos-arm64 1.4-0 NOTE
r-release-macos-x86_64 1.4-0 NOTE
r-release-windows-ix86+x86_64 1.4-0 569.00 969.00 1538.00 NOTE
r-oldrel-macos-x86_64 1.4-0 NOTE
r-oldrel-windows-ix86+x86_64 1.4-0 570.00 951.00 1521.00 NOTE

Check Details

Version: 1.4-0
Check: installed package size
Result: NOTE
     installed size is 12.8Mb
     sub-directories of 1Mb or more:
     R 2.5Mb
     data 1.0Mb
     doc 2.0Mb
     help 3.4Mb
     libs 3.2Mb
Flavors: r-devel-linux-x86_64-fedora-clang, r-devel-windows-x86_64-new-UL, r-devel-windows-x86_64-old, r-patched-solaris-x86, r-release-macos-arm64, r-release-macos-x86_64, r-release-windows-ix86+x86_64, r-oldrel-macos-x86_64, r-oldrel-windows-ix86+x86_64