CRAN Package Check Results for Package officer

Last updated on 2019-09-22 02:46:21 CEST.

Flavor Version Tinstall Tcheck Ttotal Status Flags
r-devel-linux-x86_64-debian-clang 0.3.5 79.68 93.11 172.79 OK
r-devel-linux-x86_64-debian-gcc 0.3.5 62.52 71.42 133.94 OK
r-devel-linux-x86_64-fedora-clang 0.3.5 247.43 OK
r-devel-linux-x86_64-fedora-gcc 0.3.5 241.01 OK
r-devel-windows-ix86+x86_64 0.3.5 189.00 197.00 386.00 OK
r-patched-linux-x86_64 0.3.5 65.59 91.02 156.61 OK
r-patched-solaris-x86 0.3.5 236.30 NOTE
r-release-linux-x86_64 0.3.5 68.37 91.98 160.35 OK
r-release-windows-ix86+x86_64 0.3.5 141.00 209.00 350.00 OK
r-release-osx-x86_64 0.3.5 OK
r-oldrel-windows-ix86+x86_64 0.3.5 122.00 194.00 316.00 OK
r-oldrel-osx-x86_64 0.3.5 OK

Check Details

Version: 0.3.5
Check: package dependencies
Result: NOTE
    Package suggested but not available for checking: ‘rsvg’
Flavor: r-patched-solaris-x86