CRAN Package Check Results for Package officer

Last updated on 2020-05-31 01:48:47 CEST.

Flavor Version Tinstall Tcheck Ttotal Status Flags
r-devel-linux-x86_64-debian-clang 0.3.11 16.89 86.68 103.57 OK
r-devel-linux-x86_64-debian-gcc 0.3.11 15.94 65.21 81.15 OK
r-devel-linux-x86_64-fedora-clang 0.3.11 127.55 OK
r-devel-linux-x86_64-fedora-gcc 0.3.11 126.29 OK
r-devel-windows-ix86+x86_64 0.3.11 37.00 159.00 196.00 OK
r-patched-linux-x86_64 0.3.11 17.90 84.70 102.60 OK
r-patched-solaris-x86 0.3.11 170.00 NOTE
r-release-linux-x86_64 0.3.11 17.65 86.06 103.71 OK
r-release-osx-x86_64 0.3.11 NOTE
r-release-windows-ix86+x86_64 0.3.11 26.00 263.00 289.00 OK
r-oldrel-osx-x86_64 0.3.11 OK
r-oldrel-windows-ix86+x86_64 0.3.11 31.00 158.00 189.00 OK

Check Details

Version: 0.3.11
Check: package dependencies
Result: NOTE
    Package suggested but not available for checking: ‘rsvg’
Flavors: r-patched-solaris-x86, r-release-osx-x86_64