CRAN Package Check Results for Package onlinePCA

Last updated on 2019-10-23 03:48:33 CEST.

Flavor Version Tinstall Tcheck Ttotal Status Flags
r-devel-linux-x86_64-debian-clang 1.3.1 44.87 58.70 103.57 OK
r-devel-linux-x86_64-debian-gcc 1.3.1 35.90 47.55 83.45 OK
r-devel-linux-x86_64-fedora-clang 1.3.1 136.64 NOTE
r-devel-linux-x86_64-fedora-gcc 1.3.1 134.77 NOTE
r-devel-windows-ix86+x86_64 1.3.1 83.00 143.00 226.00 OK
r-patched-linux-x86_64 1.3.1 37.86 58.51 96.37 OK
r-patched-solaris-x86 1.3.1 161.80 OK
r-release-linux-x86_64 1.3.1 37.90 58.24 96.14 OK
r-release-windows-ix86+x86_64 1.3.1 110.00 104.00 214.00 OK
r-release-osx-x86_64 1.3.1 OK
r-oldrel-windows-ix86+x86_64 1.3.1 100.00 132.00 232.00 OK
r-oldrel-osx-x86_64 1.3.1 OK

Check Details

Version: 1.3.1
Check: compiled code
Result: NOTE
    File ‘onlinePCA/libs/onlinePCA.so’:
     Found no calls to: ‘R_registerRoutines’, ‘R_useDynamicSymbols’
    
    It is good practice to register native routines and to disable symbol
    search.
    
    See ‘Writing portable packages’ in the ‘Writing R Extensions’ manual.
Flavors: r-devel-linux-x86_64-fedora-clang, r-devel-linux-x86_64-fedora-gcc