CRAN Package Check Results for Package openVA

Last updated on 2020-05-31 01:48:47 CEST.

Flavor Version Tinstall Tcheck Ttotal Status Flags
r-devel-linux-x86_64-debian-clang 1.0.11 8.00 108.83 116.83 NOTE
r-devel-linux-x86_64-debian-gcc 1.0.11 6.20 81.89 88.09 NOTE
r-devel-linux-x86_64-fedora-clang 1.0.11 140.14 NOTE
r-devel-linux-x86_64-fedora-gcc 1.0.11 137.95 NOTE
r-devel-windows-ix86+x86_64 1.0.11 26.00 129.00 155.00 OK
r-patched-linux-x86_64 1.0.11 8.47 108.04 116.51 NOTE
r-patched-solaris-x86 1.0.11 194.90 NOTE
r-release-linux-x86_64 1.0.11 7.60 108.29 115.89 NOTE
r-release-osx-x86_64 1.0.11 OK
r-release-windows-ix86+x86_64 1.0.11 20.00 156.00 176.00 OK
r-oldrel-osx-x86_64 1.0.11 OK
r-oldrel-windows-ix86+x86_64 1.0.11 17.00 108.00 125.00 OK

Check Details

Version: 1.0.11
Check: package dependencies
Result: NOTE
    Package suggested but not available for checking: 'nbc4va'
Flavors: r-devel-linux-x86_64-debian-clang, r-devel-linux-x86_64-debian-gcc, r-devel-linux-x86_64-fedora-clang, r-devel-linux-x86_64-fedora-gcc, r-patched-linux-x86_64, r-patched-solaris-x86, r-release-linux-x86_64