CRAN Package Check Results for Package openVA

Last updated on 2019-09-23 01:46:47 CEST.

Flavor Version Tinstall Tcheck Ttotal Status Flags
r-devel-linux-x86_64-debian-clang 1.0.8 6.32 55.81 62.13 NOTE
r-devel-linux-x86_64-debian-gcc 1.0.8 5.75 44.26 50.01 NOTE
r-devel-linux-x86_64-fedora-clang 1.0.8 78.71 NOTE
r-devel-linux-x86_64-fedora-gcc 1.0.8 80.23 NOTE
r-devel-windows-ix86+x86_64 1.0.8 14.00 7.00 21.00 ERROR
r-patched-linux-x86_64 1.0.8 6.68 55.05 61.73 OK
r-patched-solaris-x86 1.0.8 122.10 OK
r-release-linux-x86_64 1.0.8 5.64 55.39 61.03 OK
r-release-windows-ix86+x86_64 1.0.8 28.00 103.00 131.00 OK
r-release-osx-x86_64 1.0.8 OK
r-oldrel-windows-ix86+x86_64 1.0.8 11.00 72.00 83.00 OK
r-oldrel-osx-x86_64 1.0.8 OK

Check Details

Version: 1.0.8
Check: for non-standard things in the check directory
Result: NOTE
    Found the following files/directories:
     'VA_result.csv' 'errorlog.txt' 'warnings.txt'
Flavors: r-devel-linux-x86_64-debian-clang, r-devel-linux-x86_64-debian-gcc, r-devel-linux-x86_64-fedora-clang, r-devel-linux-x86_64-fedora-gcc

Version: 1.0.8
Check: whether package can be installed
Result: ERROR
    Installation failed.
Flavor: r-devel-windows-ix86+x86_64