CRAN Package Check Results for Package optional

Last updated on 2020-03-31 01:52:47 CEST.

Flavor Version Tinstall Tcheck Ttotal Status Flags
r-devel-linux-x86_64-debian-clang 2.0 1.96 22.62 24.58 NOTE
r-devel-linux-x86_64-debian-gcc 2.0 1.66 18.46 20.12 NOTE
r-devel-linux-x86_64-fedora-clang 2.0 30.65 OK
r-devel-linux-x86_64-fedora-gcc 2.0 30.13 OK
r-devel-windows-ix86+x86_64 2.0 7.00 31.00 38.00 NOTE
r-devel-windows-ix86+x86_64-gcc8 2.0 6.00 35.00 41.00 NOTE
r-patched-linux-x86_64 2.0 1.96 22.24 24.20 NOTE
r-patched-solaris-x86 2.0 47.70 OK
r-release-linux-x86_64 2.0 1.63 21.06 22.69 OK
r-release-windows-ix86+x86_64 2.0 8.00 51.00 59.00 OK
r-release-osx-x86_64 2.0 OK
r-oldrel-windows-ix86+x86_64 2.0 4.00 56.00 60.00 OK
r-oldrel-osx-x86_64 2.0 OK

Check Details

Version: 2.0
Check: package vignettes
Result: NOTE
    Package vignette with placeholder title 'Vignette Title':
     'UserGuide.Rmd'
Flavors: r-devel-linux-x86_64-debian-clang, r-devel-linux-x86_64-debian-gcc, r-devel-windows-ix86+x86_64, r-devel-windows-ix86+x86_64-gcc8, r-patched-linux-x86_64