CRAN Package Check Results for Package ordinal

Last updated on 2022-01-17 00:48:42 CET.

Flavor Version Tinstall Tcheck Ttotal Status Flags
r-devel-linux-x86_64-debian-clang 2019.12-10 22.30 248.11 270.41 OK
r-devel-linux-x86_64-debian-gcc 2019.12-10 15.94 189.84 205.78 OK
r-devel-linux-x86_64-fedora-clang 2019.12-10 332.42 OK
r-devel-linux-x86_64-fedora-gcc 2019.12-10 317.96 OK
r-devel-windows-x86_64-new-UL 2019.12-10 135.00 306.00 441.00 OK
r-devel-windows-x86_64-new-TK 2019.12-10 NOTE
r-patched-linux-x86_64 2019.12-10 22.45 246.07 268.52 OK
r-release-linux-x86_64 2019.12-10 OK
r-release-macos-arm64 2019.12-10 OK
r-release-macos-x86_64 2019.12-10 OK
r-release-windows-ix86+x86_64 2019.12-10 39.00 428.00 467.00 OK
r-oldrel-macos-x86_64 2019.12-10 OK
r-oldrel-windows-ix86+x86_64 2019.12-10 40.00 436.00 476.00 OK

Check Details

Version: 2019.12-10
Check: package dependencies
Result: NOTE
    Package suggested but not available for checking: 'lme4'
Flavor: r-devel-windows-x86_64-new-TK

Version: 2019.12-10
Check: Rd cross-references
Result: NOTE
    Package unavailable to check Rd xrefs: 'lme4'
Flavor: r-devel-windows-x86_64-new-TK