CRAN Package Check Results for Package orsk

Last updated on 2020-05-28 01:53:23 CEST.

Flavor Version Tinstall Tcheck Ttotal Status Flags
r-devel-linux-x86_64-debian-clang 1.0-5 2.47 27.74 30.21 OK
r-devel-linux-x86_64-debian-gcc 1.0-5 1.96 21.98 23.94 WARN
r-devel-linux-x86_64-fedora-clang 1.0-5 49.10 WARN
r-devel-linux-x86_64-fedora-gcc 1.0-5 39.65 WARN
r-devel-windows-ix86+x86_64 1.0-5 14.00 51.00 65.00 OK
r-patched-linux-x86_64 1.0-5 2.82 27.92 30.74 OK
r-patched-solaris-x86 1.0-5 55.70 OK
r-release-linux-x86_64 1.0-5 2.90 27.78 30.68 OK
r-release-osx-x86_64 1.0-5 OK
r-release-windows-ix86+x86_64 1.0-5 10.00 69.00 79.00 OK
r-oldrel-osx-x86_64 1.0-5 OK
r-oldrel-windows-ix86+x86_64 1.0-5 15.00 52.00 67.00 OK

Check Details

Version: 1.0-5
Check: whether package can be installed
Result: WARN
    Found the following significant warnings:
     Warning: S4 exports specified in 'NAMESPACE' but not defined in package ‘orsk’
Flavors: r-devel-linux-x86_64-debian-gcc, r-devel-linux-x86_64-fedora-clang, r-devel-linux-x86_64-fedora-gcc