CRAN Package Check Results for Package paf

Last updated on 2020-06-03 01:50:53 CEST.

Flavor Version Tinstall Tcheck Ttotal Status Flags
r-devel-linux-x86_64-debian-clang 1.0 6.40 54.96 61.36 NOTE
r-devel-linux-x86_64-debian-gcc 1.0 5.89 43.06 48.95 NOTE
r-devel-linux-x86_64-fedora-clang 1.0 82.14 NOTE
r-devel-linux-x86_64-fedora-gcc 1.0 74.28 NOTE
r-devel-windows-ix86+x86_64 1.0 17.00 91.00 108.00 NOTE
r-patched-linux-x86_64 1.0 6.14 54.67 60.81 NOTE
r-patched-solaris-x86 1.0 114.20 NOTE
r-release-linux-x86_64 1.0 6.69 57.32 64.01 NOTE
r-release-osx-x86_64 1.0 NOTE
r-release-windows-ix86+x86_64 1.0 14.00 97.00 111.00 NOTE
r-oldrel-osx-x86_64 1.0 NOTE
r-oldrel-windows-ix86+x86_64 1.0 12.00 65.00 77.00 NOTE

Check Details

Version: 1.0
Check: R code for possible problems
Result: NOTE
    paf: no visible global function definition for 'as.formula'
    paf: no visible global function definition for 'model.response'
    paf: no visible global function definition for 'model.frame'
    paf: no visible global function definition for 'model.matrix'
    plot.paf: no visible global function definition for 'lines'
    Undefined global functions or variables:
     as.formula lines model.frame model.matrix model.response
    Consider adding
     importFrom("graphics", "lines")
     importFrom("stats", "as.formula", "model.frame", "model.matrix",
     "model.response")
    to your NAMESPACE file.
Flavors: r-devel-linux-x86_64-debian-clang, r-devel-linux-x86_64-debian-gcc, r-devel-linux-x86_64-fedora-clang, r-devel-linux-x86_64-fedora-gcc, r-devel-windows-ix86+x86_64, r-patched-linux-x86_64, r-patched-solaris-x86, r-release-linux-x86_64, r-release-osx-x86_64, r-release-windows-ix86+x86_64

Version: 1.0
Check: R code for possible problems
Result: NOTE
    paf: no visible global function definition for ‘as.formula’
    paf: no visible global function definition for ‘model.response’
    paf: no visible global function definition for ‘model.frame’
    paf: no visible global function definition for ‘model.matrix’
    plot.paf: no visible global function definition for ‘plot’
    plot.paf: no visible global function definition for ‘lines’
    Undefined global functions or variables:
     as.formula lines model.frame model.matrix model.response plot
    Consider adding
     importFrom("graphics", "lines", "plot")
     importFrom("stats", "as.formula", "model.frame", "model.matrix",
     "model.response")
    to your NAMESPACE file.
Flavors: r-oldrel-osx-x86_64, r-oldrel-windows-ix86+x86_64