CRAN Package Check Results for Package paf

Last updated on 2019-10-20 01:46:56 CEST.

Flavor Version Tinstall Tcheck Ttotal Status Flags
r-devel-linux-x86_64-debian-clang 1.0 6.61 48.79 55.40 NOTE
r-devel-linux-x86_64-debian-gcc 1.0 4.84 39.24 44.08 NOTE
r-devel-linux-x86_64-fedora-clang 1.0 66.74 NOTE
r-devel-linux-x86_64-fedora-gcc 1.0 65.59 NOTE
r-devel-windows-ix86+x86_64 1.0 12.00 87.00 99.00 NOTE
r-patched-linux-x86_64 1.0 5.89 47.64 53.53 NOTE
r-patched-solaris-x86 1.0 102.40 NOTE
r-release-linux-x86_64 1.0 6.01 47.70 53.71 NOTE
r-release-windows-ix86+x86_64 1.0 11.00 81.00 92.00 NOTE
r-release-osx-x86_64 1.0 NOTE
r-oldrel-windows-ix86+x86_64 1.0 7.00 55.00 62.00 NOTE
r-oldrel-osx-x86_64 1.0 NOTE

Check Details

Version: 1.0
Check: R code for possible problems
Result: NOTE
    paf: no visible global function definition for 'as.formula'
    paf: no visible global function definition for 'model.response'
    paf: no visible global function definition for 'model.frame'
    paf: no visible global function definition for 'model.matrix'
    plot.paf: no visible global function definition for 'plot'
    plot.paf: no visible global function definition for 'lines'
    Undefined global functions or variables:
     as.formula lines model.frame model.matrix model.response plot
    Consider adding
     importFrom("graphics", "lines", "plot")
     importFrom("stats", "as.formula", "model.frame", "model.matrix",
     "model.response")
    to your NAMESPACE file.
Flavors: r-devel-linux-x86_64-debian-clang, r-devel-linux-x86_64-debian-gcc, r-devel-linux-x86_64-fedora-clang, r-devel-linux-x86_64-fedora-gcc, r-devel-windows-ix86+x86_64, r-patched-linux-x86_64, r-patched-solaris-x86, r-release-linux-x86_64, r-release-windows-ix86+x86_64, r-release-osx-x86_64, r-oldrel-windows-ix86+x86_64, r-oldrel-osx-x86_64