CRAN Package Check Results for Package panelr

Last updated on 2020-07-04 02:50:24 CEST.

Flavor Version Tinstall Tcheck Ttotal Status Flags
r-devel-linux-x86_64-debian-clang 0.7.3 16.73 475.23 491.96 OK
r-devel-linux-x86_64-debian-gcc 0.7.3 14.25 353.55 367.80 OK
r-devel-linux-x86_64-fedora-clang 0.7.3 591.95 NOTE
r-devel-linux-x86_64-fedora-gcc 0.7.3 572.34 OK
r-devel-windows-ix86+x86_64 0.7.3 42.00 449.00 491.00 OK
r-patched-linux-x86_64 0.7.3 17.42 468.20 485.62 OK
r-patched-solaris-x86 0.7.3 716.40 OK
r-release-linux-x86_64 0.7.3 17.65 472.34 489.99 OK
r-release-osx-x86_64 0.7.3 OK
r-release-windows-ix86+x86_64 0.7.3 42.00 596.00 638.00 OK
r-oldrel-osx-x86_64 0.7.3 OK
r-oldrel-windows-ix86+x86_64 0.7.3 36.00 555.00 591.00 OK

Check Details

Version: 0.7.3
Check: Rd cross-references
Result: NOTE
    Undeclared package ‘AER’ in Rd xrefs
Flavor: r-devel-linux-x86_64-fedora-clang