CRAN Package Check Results for Package parallelMap

Last updated on 2020-04-08 01:49:04 CEST.

Flavor Version Tinstall Tcheck Ttotal Status Flags
r-devel-linux-x86_64-debian-clang 1.5.0 3.24 56.30 59.54 OK
r-devel-linux-x86_64-debian-gcc 1.5.0 2.59 47.61 50.20 OK
r-devel-linux-x86_64-fedora-clang 1.5.0 64.91 OK
r-devel-linux-x86_64-fedora-gcc 1.5.0 68.85 OK
r-devel-windows-ix86+x86_64 1.5.0 6.00 105.00 111.00 OK
r-devel-windows-ix86+x86_64-gcc8 1.5.0 7.00 67.00 74.00 OK
r-patched-linux-x86_64 1.5.0 2.98 52.61 55.59 OK
r-patched-solaris-x86 1.5.0 117.20 OK
r-release-linux-x86_64 1.5.0 2.27 49.36 51.63 OK
r-release-windows-ix86+x86_64 1.5.0 6.00 100.00 106.00 OK
r-release-osx-x86_64 1.5.0 NOTE
r-oldrel-windows-ix86+x86_64 1.5.0 6.00 97.00 103.00 WARN
r-oldrel-osx-x86_64 1.4 NOTE

Check Details

Version: 1.5.0
Check: package dependencies
Result: NOTE
    Package suggested but not available for checking: ‘Rmpi’
Flavor: r-release-osx-x86_64

Version: 1.5.0
Check: whether package can be installed
Result: WARN
    Found the following significant warnings:
     Note: possible error in 'RNGkind(old.rng.kind[1], ': unused argument (old.rng.kind[3])
    See 'd:/Rcompile/CRANpkg/local/3.5/parallelMap.Rcheck/00install.out' for details.
    Information on the location(s) of code generating the 'Note's can be
    obtained by re-running with environment variable R_KEEP_PKG_SOURCE set
    to 'yes'.
Flavor: r-oldrel-windows-ix86+x86_64

Version: 1.5.0
Check: R code for possible problems
Result: NOTE
    parallelMap: possible error in RNGkind(old.rng.kind[1],
     old.rng.kind[2], old.rng.kind[3]): unused argument (old.rng.kind[3])
Flavor: r-oldrel-windows-ix86+x86_64

Version: 1.4
Check: package dependencies
Result: NOTE
    Package suggested but not available for checking: ‘Rmpi’
Flavor: r-oldrel-osx-x86_64

Version: 1.4
Check: Rd cross-references
Result: NOTE
    Package unavailable to check Rd xrefs: ‘Rmpi’
Flavor: r-oldrel-osx-x86_64