CRAN Package Check Results for Package partools

Last updated on 2020-05-26 01:57:57 CEST.

Flavor Version Tinstall Tcheck Ttotal Status Flags
r-devel-linux-x86_64-debian-clang 1.1.6 4.04 42.75 46.79 NOTE
r-devel-linux-x86_64-debian-gcc 1.1.6 3.44 33.10 36.54 NOTE
r-devel-linux-x86_64-fedora-clang 1.1.6 56.60 NOTE
r-devel-linux-x86_64-fedora-gcc 1.1.6 55.10 NOTE
r-devel-windows-ix86+x86_64 1.1.6 13.00 66.00 79.00 OK
r-patched-linux-x86_64 1.1.6 4.68 41.93 46.61 NOTE
r-patched-solaris-x86 1.1.6 100.60 NOTE
r-release-linux-x86_64 1.1.6 4.56 41.84 46.40 NOTE
r-release-osx-x86_64 1.1.6 OK
r-release-windows-ix86+x86_64 1.1.6 10.00 80.00 90.00 OK
r-oldrel-osx-x86_64 1.1.6 OK
r-oldrel-windows-ix86+x86_64 1.1.6 7.00 86.00 93.00 OK

Check Details

Version: 1.1.6
Check: for non-standard things in the check directory
Result: NOTE
    Found the following files/directories:
     'co2' 'co2.1' 'co2.2' 'co2s.1' 'co2s.2' 'ctm.1' 'ctm.2' 'm' 'm.1'
     'm.2' 'test' 'test.1' 'test.2' 'testa.1' 'testa.2' 'xfile.1'
     'xfile.2'
Flavors: r-devel-linux-x86_64-debian-clang, r-devel-linux-x86_64-debian-gcc, r-devel-linux-x86_64-fedora-clang, r-devel-linux-x86_64-fedora-gcc, r-patched-linux-x86_64, r-patched-solaris-x86, r-release-linux-x86_64