CRAN Package Check Results for Package partools

Last updated on 2019-10-14 01:46:30 CEST.

Flavor Version Tinstall Tcheck Ttotal Status Flags
r-devel-linux-x86_64-debian-clang 1.1.6 4.95 38.87 43.82 NOTE
r-devel-linux-x86_64-debian-gcc 1.1.6 3.55 30.54 34.09 NOTE
r-devel-linux-x86_64-fedora-clang 1.1.6 51.70 NOTE
r-devel-linux-x86_64-fedora-gcc 1.1.6 51.00 NOTE
r-devel-windows-ix86+x86_64 1.1.6 10.00 89.00 99.00 OK
r-patched-linux-x86_64 1.1.6 3.92 37.35 41.27 OK
r-patched-solaris-x86 1.1.6 93.10 OK
r-release-linux-x86_64 1.1.6 3.27 37.50 40.77 OK
r-release-windows-ix86+x86_64 1.1.6 11.00 56.00 67.00 OK
r-release-osx-x86_64 1.1.6 OK
r-oldrel-windows-ix86+x86_64 1.1.6 5.00 53.00 58.00 OK
r-oldrel-osx-x86_64 1.1.6 OK

Check Details

Version: 1.1.6
Check: for non-standard things in the check directory
Result: NOTE
    Found the following files/directories:
     'co2' 'co2.1' 'co2.2' 'co2s.1' 'co2s.2' 'ctm.1' 'ctm.2' 'm' 'm.1'
     'm.2' 'test' 'test.1' 'test.2' 'testa.1' 'testa.2' 'xfile.1'
     'xfile.2'
Flavors: r-devel-linux-x86_64-debian-clang, r-devel-linux-x86_64-debian-gcc, r-devel-linux-x86_64-fedora-clang, r-devel-linux-x86_64-fedora-gcc