CRAN Package Check Results for Package passport

Last updated on 2020-05-31 01:48:48 CEST.

Flavor Version Tinstall Tcheck Ttotal Status Flags
r-devel-linux-x86_64-debian-clang 0.2.0 2.62 33.00 35.62 OK
r-devel-linux-x86_64-debian-gcc 0.2.0 1.93 25.88 27.81 OK
r-devel-linux-x86_64-fedora-clang 0.2.0 54.09 OK
r-devel-linux-x86_64-fedora-gcc 0.2.0 50.82 OK
r-devel-windows-ix86+x86_64 0.2.0 9.00 69.00 78.00 OK
r-patched-linux-x86_64 0.2.0 2.33 32.58 34.91 OK
r-patched-solaris-x86 0.2.0 65.50 OK
r-release-linux-x86_64 0.2.0 2.44 33.70 36.14 OK
r-release-osx-x86_64 0.2.0 OK
r-release-windows-ix86+x86_64 0.2.0 7.00 134.00 141.00 WARN
r-oldrel-osx-x86_64 0.2.0 OK
r-oldrel-windows-ix86+x86_64 0.2.0 8.00 48.00 56.00 OK

Check Details

Version: 0.2.0
Check: re-building of vignette outputs
Result: WARN
    Error(s) in re-building vignettes:
    --- re-building 'passport.Rmd' using rmarkdown
    -- Attaching packages --------------------------------------- tidyverse 1.3.0 --
    v ggplot2 3.3.0 v purrr 0.3.4
    v tibble 3.0.1 v dplyr 0.8.5
    v tidyr 1.1.0 v stringr 1.4.0
    v readr 1.3.1 v forcats 0.5.0
    -- Conflicts ------------------------------------------ tidyverse_conflicts() --
    x dplyr::filter() masks stats::filter()
    x dplyr::lag() masks stats::lag()
    Quitting from lines 79-83 (passport.Rmd)
    Error: processing vignette 'passport.Rmd' failed with diagnostics:
    Timeout was reached: [raw.githubusercontent.com] Resolving timed out after 10000 milliseconds
    --- failed re-building 'passport.Rmd'
    
    SUMMARY: processing the following file failed:
     'passport.Rmd'
    
    Error: Vignette re-building failed.
    Execution halted
Flavor: r-release-windows-ix86+x86_64