CRAN Package Check Results for Package patchSynctex

Last updated on 2019-10-22 01:49:33 CEST.

Flavor Version Tinstall Tcheck Ttotal Status Flags
r-devel-linux-x86_64-debian-clang 0.1-4 2.00 18.65 20.65 NOTE
r-devel-linux-x86_64-debian-gcc 0.1-4 1.58 15.25 16.83 NOTE
r-devel-linux-x86_64-fedora-clang 0.1-4 25.67 NOTE
r-devel-linux-x86_64-fedora-gcc 0.1-4 25.16 NOTE
r-devel-windows-ix86+x86_64 0.1-4 5.00 40.00 45.00 OK
r-patched-linux-x86_64 0.1-4 1.70 18.66 20.36 OK
r-patched-solaris-x86 0.1-4 41.60 OK
r-release-linux-x86_64 0.1-4 1.66 18.68 20.34 OK
r-release-windows-ix86+x86_64 0.1-4 6.00 31.00 37.00 OK
r-release-osx-x86_64 0.1-4 OK
r-oldrel-windows-ix86+x86_64 0.1-4 3.00 28.00 31.00 OK
r-oldrel-osx-x86_64 0.1-4 OK

Check Details

Version: 0.1-4
Check: for non-standard things in the check directory
Result: NOTE
    Found the following files/directories:
     'Minimal-concordance.tex' 'Minimal.Rnw' 'Minimal.pdf'
     'Minimal.synctex.gz' 'Minimal.tex' 'figure'
Flavors: r-devel-linux-x86_64-debian-clang, r-devel-linux-x86_64-debian-gcc, r-devel-linux-x86_64-fedora-clang, r-devel-linux-x86_64-fedora-gcc