CRAN Package Check Results for Package patchSynctex

Last updated on 2020-06-07 01:48:20 CEST.

Flavor Version Tinstall Tcheck Ttotal Status Flags
r-devel-linux-x86_64-debian-clang 0.1-4 2.07 19.86 21.93 OK
r-devel-linux-x86_64-debian-gcc 0.1-4 1.63 15.94 17.57 OK
r-devel-linux-x86_64-fedora-clang 0.1-4 35.75 OK
r-devel-linux-x86_64-fedora-gcc 0.1-4 27.58 NOTE
r-devel-windows-ix86+x86_64 0.1-4 9.00 33.00 42.00 OK
r-patched-linux-x86_64 0.1-4 2.06 20.12 22.18 OK
r-patched-solaris-x86 0.1-4 45.30 OK
r-release-linux-x86_64 0.1-4 1.98 20.39 22.37 OK
r-release-osx-x86_64 0.1-4 OK
r-release-windows-ix86+x86_64 0.1-4 6.00 48.00 54.00 OK
r-oldrel-osx-x86_64 0.1-4 OK
r-oldrel-windows-ix86+x86_64 0.1-4 7.00 31.00 38.00 OK

Check Details

Version: 0.1-4
Check: for non-standard things in the check directory
Result: NOTE
    Found the following files/directories:
     ‘Minimal-concordance.tex’ ‘Minimal.Rnw’ ‘Minimal.pdf’
     ‘Minimal.synctex.gz’ ‘Minimal.tex’ ‘figure’
Flavor: r-devel-linux-x86_64-fedora-gcc