CRAN Package Check Results for Package patternize

Last updated on 2020-05-28 01:53:24 CEST.

Flavor Version Tinstall Tcheck Ttotal Status Flags
r-devel-linux-x86_64-debian-clang 0.0.2 21.83 180.90 202.73 OK
r-devel-linux-x86_64-debian-gcc 0.0.2 17.83 139.37 157.20 OK
r-devel-linux-x86_64-fedora-clang 0.0.2 243.85 OK
r-devel-linux-x86_64-fedora-gcc 0.0.2 245.08 OK
r-devel-windows-ix86+x86_64 0.0.2 60.00 186.00 246.00 OK
r-patched-linux-x86_64 0.0.2 22.51 178.00 200.51 OK
r-patched-solaris-x86 0.0.2 362.90 OK
r-release-linux-x86_64 0.0.2 22.11 184.06 206.17 OK
r-release-osx-x86_64 0.0.2 OK
r-release-windows-ix86+x86_64 0.0.2 53.00 246.00 299.00 OK
r-oldrel-osx-x86_64 0.0.2 WARN
r-oldrel-windows-ix86+x86_64 0.0.2 40.00 180.00 220.00 OK

Check Details

Version: 0.0.2
Check: whether package can be installed
Result: WARN
    Found the following significant warnings:
     Warning: 'rgl_init' failed, running with rgl.useNULL = TRUE
Flavor: r-oldrel-osx-x86_64