CRAN Package Check Results for Package pccc

Last updated on 2020-03-29 01:49:02 CET.

Flavor Version Tinstall Tcheck Ttotal Status Flags
r-devel-linux-x86_64-debian-clang 1.0.3 OK
r-devel-linux-x86_64-debian-gcc 1.0.3 60.06 40.28 100.34 OK
r-devel-linux-x86_64-fedora-clang 1.0.3 169.18 NOTE
r-devel-linux-x86_64-fedora-gcc 1.0.3 163.33 OK
r-devel-windows-ix86+x86_64 1.0.3 79.00 86.00 165.00 OK
r-devel-windows-ix86+x86_64-gcc8 1.0.3 84.00 103.00 187.00 OK
r-patched-linux-x86_64 1.0.3 65.83 49.77 115.60 OK
r-patched-solaris-x86 1.0.3 157.00 OK
r-release-linux-x86_64 1.0.3 65.68 48.31 113.99 OK
r-release-windows-ix86+x86_64 1.0.3 126.00 129.00 255.00 OK
r-release-osx-x86_64 1.0.3 NOTE
r-oldrel-windows-ix86+x86_64 1.0.3 126.00 119.00 245.00 OK
r-oldrel-osx-x86_64 1.0.3 NOTE

Check Details

Version: 1.0.3
Check: installed package size
Result: NOTE
     installed size is 6.0Mb
     sub-directories of 1Mb or more:
     libs 4.3Mb
Flavors: r-devel-linux-x86_64-fedora-clang, r-release-osx-x86_64, r-oldrel-osx-x86_64