CRAN Package Check Results for Package pct

Last updated on 2019-10-18 01:46:33 CEST.

Flavor Version Tinstall Tcheck Ttotal Status Flags
r-devel-linux-x86_64-debian-clang 0.2.7 2.92 102.02 104.94 OK
r-devel-linux-x86_64-debian-gcc 0.2.7 2.75 82.73 85.48 OK
r-devel-linux-x86_64-fedora-clang 0.2.7 127.42 NOTE
r-devel-linux-x86_64-fedora-gcc 0.2.7 126.84 NOTE
r-devel-windows-ix86+x86_64 0.2.7 16.00 136.00 152.00 OK
r-patched-linux-x86_64 0.2.7 2.31 103.21 105.52 OK
r-patched-solaris-x86 0.2.7 175.40 WARN
r-release-linux-x86_64 0.2.7 2.70 103.30 106.00 OK
r-release-windows-ix86+x86_64 0.2.7 6.00 101.00 107.00 OK
r-release-osx-x86_64 0.2.7 WARN
r-oldrel-windows-ix86+x86_64 0.2.7 5.00 82.00 87.00 OK
r-oldrel-osx-x86_64 0.2.7 WARN

Check Details

Version: 0.2.7
Check: data for non-ASCII characters
Result: NOTE
     Note: found 11 marked UTF-8 strings
Flavors: r-devel-linux-x86_64-fedora-clang, r-devel-linux-x86_64-fedora-gcc, r-patched-solaris-x86, r-release-osx-x86_64, r-oldrel-osx-x86_64

Version: 0.2.7
Check: re-building of vignette outputs
Result: WARN
    Error(s) in re-building vignettes:
     ...
    --- re-building ‘pct-international.Rmd’ using rmarkdown
    Warning in engine$weave(file, quiet = quiet, encoding = enc) :
     Pandoc (>= 1.12.3) and/or pandoc-citeproc not available. Falling back to R Markdown v1.
    Warning in st_centroid.sf(zones) :
     st_centroid assumes attributes are constant over geometries of x
    Warning in st_centroid.sfc(st_geometry(x), of_largest_polygon = of_largest_polygon) :
     st_centroid does not give correct centroids for longitude/latitude data
    Quitting from lines 109-116 (pct-international.Rmd)
    Error: processing vignette 'pct-international.Rmd' failed with diagnostics:
    there is no package called 'webshot'
    --- failed re-building ‘pct-international.Rmd’
    
    --- re-building ‘pct.Rmd’ using rmarkdown
    Warning in engine$weave(file, quiet = quiet, encoding = enc) :
     Pandoc (>= 1.12.3) and/or pandoc-citeproc not available. Falling back to R Markdown v1.
    Quitting from lines 169-175 (pct.Rmd)
    Error: processing vignette 'pct.Rmd' failed with diagnostics:
    there is no package called 'webshot'
    --- failed re-building ‘pct.Rmd’
    
    --- re-building ‘pct_training.Rmd’ using rmarkdown
    Warning in engine$weave(file, quiet = quiet, encoding = enc) :
     Pandoc (>= 1.12.3) and/or pandoc-citeproc not available. Falling back to R Markdown v1.
    
    Attaching package: 'dplyr'
    
    The following objects are masked from 'package:stats':
    
     filter, lag
    
    The following objects are masked from 'package:base':
    
     intersect, setdiff, setequal, union
    
    trying URL 'https://github.com/npct/pct-outputs-regional-R/raw/master/commute/msoa/isle-of-wight/z.Rds'
    Content type 'application/octet-stream' length 14913 bytes (14 KB)
    ==================================================
    downloaded 14 KB
    
    trying URL 'https://github.com/npct/pct-outputs-regional-R/raw/master/commute/msoa/isle-of-wight/l.Rds'
    Content type 'application/octet-stream' length 42595 bytes (41 KB)
    ==================================================
    downloaded 41 KB
    
    tmap mode set to interactive viewing
    Linking to GEOS 3.6.3, GDAL 2.2.4, PROJ 5.2.0
    Legend for line widths not available in view mode.
    Quitting from lines 113-133 (pct_training.Rmd)
    Error: processing vignette 'pct_training.Rmd' failed with diagnostics:
    there is no package called 'webshot'
    --- failed re-building ‘pct_training.Rmd’
    
    SUMMARY: processing the following files failed:
     ‘pct-international.Rmd’ ‘pct.Rmd’ ‘pct_training.Rmd’
    
    Error: Vignette re-building failed.
    Execution halted
Flavor: r-patched-solaris-x86

Version: 0.2.7
Check: re-building of vignette outputs
Result: WARN
    Error(s) in re-building vignettes:
    --- re-building ‘pct-international.Rmd’ using rmarkdown
    Warning in engine$weave(file, quiet = quiet, encoding = enc) :
     Pandoc (>= 1.12.3) and/or pandoc-citeproc not available. Falling back to R Markdown v1.
    Warning in st_centroid.sf(zones) :
     st_centroid assumes attributes are constant over geometries of x
    Warning in st_centroid.sfc(st_geometry(x), of_largest_polygon = of_largest_polygon) :
     st_centroid does not give correct centroids for longitude/latitude data
    Quitting from lines 109-116 (pct-international.Rmd)
    Error: processing vignette 'pct-international.Rmd' failed with diagnostics:
    cannot open the connection
    --- failed re-building ‘pct-international.Rmd’
    
    --- re-building ‘pct.Rmd’ using rmarkdown
    Warning in engine$weave(file, quiet = quiet, encoding = enc) :
     Pandoc (>= 1.12.3) and/or pandoc-citeproc not available. Falling back to R Markdown v1.
    Quitting from lines 169-175 (pct.Rmd)
    Error: processing vignette 'pct.Rmd' failed with diagnostics:
    cannot open the connection
    --- failed re-building ‘pct.Rmd’
    
    --- re-building ‘pct_training.Rmd’ using rmarkdown
    Warning in engine$weave(file, quiet = quiet, encoding = enc) :
     Pandoc (>= 1.12.3) and/or pandoc-citeproc not available. Falling back to R Markdown v1.
    
    Attaching package: 'dplyr'
    
    The following objects are masked from 'package:stats':
    
     filter, lag
    
    The following objects are masked from 'package:base':
    
     intersect, setdiff, setequal, union
    
    trying URL 'https://github.com/npct/pct-outputs-regional-R/raw/master/commute/msoa/isle-of-wight/z.Rds'
    Content type 'application/octet-stream' length 14913 bytes (14 KB)
    ==================================================
    downloaded 14 KB
    
    trying URL 'https://github.com/npct/pct-outputs-regional-R/raw/master/commute/msoa/isle-of-wight/l.Rds'
    Content type 'application/octet-stream' length 42595 bytes (41 KB)
    ==================================================
    downloaded 41 KB
    
    tmap mode set to interactive viewing
    Linking to GEOS 3.7.2, GDAL 2.4.2, PROJ 5.2.0
    Legend for line widths not available in view mode.
    PhantomJS not found. You can install it with webshot::install_phantomjs(). If it is installed, please make sure the phantomjs executable can be found via the PATH variable.
    Quitting from lines 113-133 (pct_training.Rmd)
    Error: processing vignette 'pct_training.Rmd' failed with diagnostics:
    cannot open the connection
    --- failed re-building ‘pct_training.Rmd’
    
    SUMMARY: processing the following files failed:
     ‘pct-international.Rmd’ ‘pct.Rmd’ ‘pct_training.Rmd’
    
    Error: Vignette re-building failed.
    Execution halted
Flavor: r-release-osx-x86_64

Version: 0.2.7
Check: re-building of vignette outputs
Result: WARN
    Error in re-building vignettes:
     ...
    Warning in engine$weave(file, quiet = quiet, encoding = enc) :
     Pandoc (>= 1.12.3) and/or pandoc-citeproc not available. Falling back to R Markdown v1.
    Warning in st_centroid.sf(zones) :
     st_centroid assumes attributes are constant over geometries of x
    Warning in st_centroid.sfc(st_geometry(x), of_largest_polygon = of_largest_polygon) :
     st_centroid does not give correct centroids for longitude/latitude data
    Quitting from lines 109-116 (pct-international.Rmd)
    Error: processing vignette 'pct-international.Rmd' failed with diagnostics:
    cannot open the connection
    Execution halted
Flavor: r-oldrel-osx-x86_64