CRAN Package Check Results for Package penMSM

Last updated on 2020-07-12 18:50:03 CEST.

Flavor Version Tinstall Tcheck Ttotal Status Flags
r-devel-linux-x86_64-debian-clang 0.99 18.26 25.23 43.49 OK
r-devel-linux-x86_64-debian-gcc 0.99 12.87 20.13 33.00 OK
r-devel-linux-x86_64-fedora-clang 0.99 66.27 NOTE
r-devel-linux-x86_64-fedora-gcc 0.99 51.89 NOTE
r-devel-windows-ix86+x86_64 0.99 45.00 74.00 119.00 OK
r-patched-linux-x86_64 0.99 13.72 25.56 39.28 OK
r-patched-solaris-x86 0.99 63.20 OK
r-release-linux-x86_64 0.99 13.10 25.19 38.29 OK
r-release-macos-x86_64 0.99 OK
r-release-windows-ix86+x86_64 0.99 48.00 59.00 107.00 OK
r-oldrel-macos-x86_64 0.99 OK
r-oldrel-windows-ix86+x86_64 0.99 44.00 67.00 111.00 OK

Check Details

Version: 0.99
Check: compiled code
Result: NOTE
    File ‘penMSM/libs/penMSM.so’:
     Found no calls to: ‘R_registerRoutines’, ‘R_useDynamicSymbols’
    
    It is good practice to register native routines and to disable symbol
    search.
    
    See ‘Writing portable packages’ in the ‘Writing R Extensions’ manual.
Flavors: r-devel-linux-x86_64-fedora-clang, r-devel-linux-x86_64-fedora-gcc